{"id":1119,"date":"2018-06-03T09:35:49","date_gmt":"2018-06-03T07:35:49","guid":{"rendered":"http:\/\/aor.bplaced.net\/wp\/?page_id=1119"},"modified":"2018-06-03T10:11:15","modified_gmt":"2018-06-03T08:11:15","slug":"rueckblick-ramf-vom-2-juni-2018-in-rapperswil","status":"publish","type":"page","link":"https:\/\/aorh.ch\/?page_id=1119","title":{"rendered":"R\u00fcckblick RAMF vom 2. Juni 2018 in Rapperswil"},"content":{"rendered":"<p><a href=\"https:\/\/aorh.ch\/wp-content\/uploads\/2018\/06\/RAMF2018-2.png\"><img loading=\"lazy\" decoding=\"async\" class=\"aligncenter size-full wp-image-1126\" src=\"https:\/\/aorh.ch\/wp-content\/uploads\/2018\/06\/RAMF2018-2.png\" alt=\"\" width=\"374\" height=\"367\" srcset=\"https:\/\/aorh.ch\/wp-content\/uploads\/2018\/06\/RAMF2018-2.png 374w, https:\/\/aorh.ch\/wp-content\/uploads\/2018\/06\/RAMF2018-2-300x294.png 300w\" sizes=\"auto, (max-width: 374px) 100vw, 374px\" \/><\/a>RORSCHACH. Das Akkordeon-Orchester Rorschach reiste am vergangenen Wochenende nach Rapperswil und nahm dort am 2. Regionalen Akkordeon-Musikfest teil. Dieses Musikfest f\u00fcr Akkordeon-Musikantinnen und -Musikanten wurde gemeinsam vom Z\u00fcrcher Kantonalen Harmonika-Musik-Verband ZKHMV sowie dem Ostschweizer Akkordeon-Musikverband OAMV durchf\u00fchrt.<\/p>\n<p>Unter der musikalischen Leitung von Elfi K\u00fcnzle trugen die Rorschacher der Jury in der Kategorie \u00abOrchester konzertant Mittelstufe\u00bb das St\u00fcck \u00abConcerto d`Amore\u00bb von Jacob de Haan vor. Das Orchester erreichte mit seiner Darbietung das Pr\u00e4dikat \u00abSehr gut\u00bb. Die Akkordeonspieler m\u00f6chten sich an dieser Stelle bei allen Musikfreunden und G\u00f6nnern des Orchesters f\u00fcr die grossz\u00fcgige Unterst\u00fctzung bedanken. Nur dadurch ist die Teilnahme an solchen Anl\u00e4ssen \u00fcberhaupt m\u00f6glich. (DE)<\/p>\n","protected":false},"excerpt":{"rendered":"<p>RORSCHACH. Das Akkordeon-Orchester Rorschach reiste am vergangenen Wochenende nach Rapperswil und nahm dort am 2. Regionalen Akkordeon-Musikfest teil. Dieses Musikfest f\u00fcr Akkordeon-Musikantinnen und -Musikanten wurde gemeinsam vom Z\u00fcrcher Kantonalen Harmonika-Musik-Verband ZKHMV sowie dem Ostschweizer Akkordeon-Musikverband OAMV durchf\u00fchrt. Unter der musikalischen Leitung von Elfi K\u00fcnzle trugen die Rorschacher der Jury in der Kategorie \u00abOrchester konzertant Mittelstufe\u00bb&hellip; <a class=\"more-link\" href=\"https:\/\/aorh.ch\/?page_id=1119\"><span class=\"screen-reader-text\">R\u00fcckblick RAMF vom 2. Juni 2018 in Rapperswil<\/span> weiterlesen<\/a><\/p>\n","protected":false},"author":1,"featured_media":0,"parent":0,"menu_order":0,"comment_status":"closed","ping_status":"closed","template":"","meta":{"footnotes":""},"class_list":["post-1119","page","type-page","status-publish","hentry","entry"],"_links":{"self":[{"href":"https:\/\/aorh.ch\/index.php?rest_route=\/wp\/v2\/pages\/1119","targetHints":{"allow":["GET"]}}],"collection":[{"href":"https:\/\/aorh.ch\/index.php?rest_route=\/wp\/v2\/pages"}],"about":[{"href":"https:\/\/aorh.ch\/index.php?rest_route=\/wp\/v2\/types\/page"}],"author":[{"embeddable":true,"href":"https:\/\/aorh.ch\/index.php?rest_route=\/wp\/v2\/users\/1"}],"replies":[{"embeddable":true,"href":"https:\/\/aorh.ch\/index.php?rest_route=%2Fwp%2Fv2%2Fcomments&post=1119"}],"version-history":[{"count":4,"href":"https:\/\/aorh.ch\/index.php?rest_route=\/wp\/v2\/pages\/1119\/revisions"}],"predecessor-version":[{"id":1127,"href":"https:\/\/aorh.ch\/index.php?rest_route=\/wp\/v2\/pages\/1119\/revisions\/1127"}],"wp:attachment":[{"href":"https:\/\/aorh.ch\/index.php?rest_route=%2Fwp%2Fv2%2Fmedia&parent=1119"}],"curies":[{"name":"wp","href":"https:\/\/api.w.org\/{rel}","templated":true}]}}

Rückblick RAMF vom 2. Juni 2018 in Rapperswil

<p><a href="https://aorh.ch/wp-content/uploads/2018/06/RAMF2018-2.png"><img loading="lazy" decoding="async" class="aligncenter size-full wp-image-1126" src="https://aorh.ch/wp-content/uploads/2018/06/RAMF2018-2.png" alt="" width="374" height="367" srcset="https://aorh.ch/wp-content/uploads/2018/06/RAMF2018-2.png 374w, https://aorh.ch/wp-content/uploads/2018/06/RAMF2018-2-300x294.png 300w" sizes="auto, (max-width: 374px) 100vw, 374px" /></a>RORSCHACH. Das Akkordeon-Orchester Rorschach reiste am vergangenen Wochenende nach Rapperswil und nahm dort am 2. Regionalen Akkordeon-Musikfest teil. Dieses Musikfest für Akkordeon-Musikantinnen und -Musikanten wurde gemeinsam vom Zürcher Kantonalen Harmonika-Musik-Verband ZKHMV sowie dem Ostschweizer Akkordeon-Musikverband OAMV durchführt.</p>
<p>Unter der musikalischen Leitung von Elfi Künzle trugen die Rorschacher der Jury in der Kategorie «Orchester konzertant Mittelstufe» das Stück «Concerto d`Amore» von Jacob de Haan vor. Das Orchester erreichte mit seiner Darbietung das Prädikat «Sehr gut». Die Akkordeonspieler möchten sich an dieser Stelle bei allen Musikfreunden und Gönnern des Orchesters für die grosszügige Unterstützung bedanken. Nur dadurch ist die Teilnahme an solchen Anlässen überhaupt möglich. (DE)</p>

<p>RORSCHACH. Das Akkordeon-Orchester Rorschach reiste am vergangenen Wochenende nach Rapperswil und nahm dort am 2. Regionalen Akkordeon-Musikfest teil. Dieses Musikfest für Akkordeon-Musikantinnen und -Musikanten wurde gemeinsam vom Zürcher Kantonalen Harmonika-Musik-Verband ZKHMV sowie dem Ostschweizer Akkordeon-Musikverband OAMV durchführt. Unter der musikalischen Leitung von Elfi Künzle trugen die Rorschacher der Jury in der Kategorie «Orchester konzertant Mittelstufe»&hellip; <a class="more-link" href="https://aorh.ch/?page_id=1119"><span class="screen-reader-text">Rückblick RAMF vom 2. Juni 2018 in Rapperswil</span> weiterlesen</a></p>
