{"id":122,"date":"2013-11-02T10:17:12","date_gmt":"2013-11-02T09:17:12","guid":{"rendered":"http:\/\/aor.bplaced.net\/wp\/?page_id=122"},"modified":"2025-12-09T17:43:29","modified_gmt":"2025-12-09T16:43:29","slug":"akkordeon-orchester-rorschach","status":"publish","type":"page","link":"https:\/\/aorh.ch\/","title":{"rendered":"AORH"},"content":{"rendered":"<div class=\"wp-block-image\">\n<figure class=\"aligncenter size-full\"><a href=\"https:\/\/aorh.ch\/wp-content\/uploads\/2024\/06\/Gruppenbild.jpg\"><img loading=\"lazy\" decoding=\"async\" width=\"1493\" height=\"1197\" src=\"https:\/\/aorh.ch\/wp-content\/uploads\/2024\/06\/Gruppenbild.jpg\" alt=\"\" class=\"wp-image-1464\" srcset=\"https:\/\/aorh.ch\/wp-content\/uploads\/2024\/06\/Gruppenbild.jpg 1493w, https:\/\/aorh.ch\/wp-content\/uploads\/2024\/06\/Gruppenbild-300x241.jpg 300w, https:\/\/aorh.ch\/wp-content\/uploads\/2024\/06\/Gruppenbild-1024x821.jpg 1024w, https:\/\/aorh.ch\/wp-content\/uploads\/2024\/06\/Gruppenbild-768x616.jpg 768w\" sizes=\"auto, (max-width: 1493px) 100vw, 1493px\" \/><\/a><\/figure>\n<\/div>\n\n<div class=\"wp-block-image is-resized\">\n<figure class=\"aligncenter size-large\"><img decoding=\"async\" src=\"https:\/\/aorh.ch\/wp-content\/uploads\/2021\/10\/AORH_Logo.svg\" alt=\"\"\/><\/figure>\n<\/div>\n\n\n<p><\/p>\n\n\n<div id=\"vsel\" class=\"vsel-shortcode vsel-shortcode-upcoming-events\"><div id=\"event-1552\" class=\"vsel-content vsel-upcoming vsel-future\"><div class=\"vsel-meta vsel-alignleft\" style=\"width:36%;\"><h3 class=\"vsel-meta-title\">Regionales Akkordeon- Musikfest<\/h3><div class=\"vsel-meta-date vsel-meta-single-date\">Datum: <span>30. Mai 2026<\/span><\/div><div class=\"vsel-meta-time vsel-meta-all-day\">All-day event<\/div><div class=\"vsel-meta-location\">Ort: <span>Rorschach SG<\/span><\/div><div class=\"vsel-meta-link\"><a href=\"https:\/\/ramf26rorschach.ch\" rel=\"noopener noreferrer\" rel=\"noreferrer\" target=\"_self\" title=\"https:\/\/ramf26rorschach.ch\">Weitere Informationen<\/a><\/div><\/div><div class=\"vsel-info vsel-alignright\" style=\"width:60%;\"><div class=\"vsel-text\">\n<figure class=\"wp-block-image size-large\"><a href=\"https:\/\/aorh.ch\/wp-content\/uploads\/2025\/07\/Logo-RAMF26Rorschach.jpg\"><img loading=\"lazy\" decoding=\"async\" width=\"1024\" height=\"1024\" src=\"https:\/\/aorh.ch\/wp-content\/uploads\/2025\/07\/Logo-RAMF26Rorschach-1024x1024.jpg\" alt=\"\" class=\"wp-image-1575\" srcset=\"https:\/\/aorh.ch\/wp-content\/uploads\/2025\/07\/Logo-RAMF26Rorschach-1024x1024.jpg 1024w, https:\/\/aorh.ch\/wp-content\/uploads\/2025\/07\/Logo-RAMF26Rorschach-300x300.jpg 300w, https:\/\/aorh.ch\/wp-content\/uploads\/2025\/07\/Logo-RAMF26Rorschach-150x150.jpg 150w, https:\/\/aorh.ch\/wp-content\/uploads\/2025\/07\/Logo-RAMF26Rorschach-768x768.jpg 768w, https:\/\/aorh.ch\/wp-content\/uploads\/2025\/07\/Logo-RAMF26Rorschach-1536x1536.jpg 1536w, https:\/\/aorh.ch\/wp-content\/uploads\/2025\/07\/Logo-RAMF26Rorschach-1568x1567.jpg 1568w, https:\/\/aorh.ch\/wp-content\/uploads\/2025\/07\/Logo-RAMF26Rorschach.jpg 1600w\" sizes=\"auto, (max-width: 1024px) 100vw, 1024px\" \/><\/a><\/figure>\n<\/div><\/div><\/div><div class=\"vsel-nav\"><\/div><\/div>\n\n\n\n<p>Wenn Sie uns unterst\u00fctzen m\u00f6chten&nbsp;oder Fragen haben &#8211; <a href=\"https:\/\/aorh.ch\/?page_id=1247\">Bitte nicht z\u00f6gern<\/a><\/p>\n\n\n\n<p><a href=\"https:\/\/aorh.ch\/?page_id=1605\">R\u00fcckblick Adventskonzert 2025 in Heiden<\/a><\/p>\n\n\n\n<p><a href=\"https:\/\/aorh.ch\/?page_id=1592\">R\u00fcckblick Jahreskonzert 2025 Rorschach<\/a><\/p>\n\n\n\n<p><a href=\"https:\/\/aorh.ch\/wp-content\/uploads\/2025\/06\/202506_Moonlightbar-_-Melodia-Goldach.pdf\">R\u00fcckblick Moonlightbar Goldach<\/a><\/p>\n\n\n\n<p><a href=\"https:\/\/aorh.ch\/?page_id=1532\">R\u00fcckblick Jahreskonzerte 2024<\/a><\/p>\n\n\n\n<p><a href=\"https:\/\/aorh.ch\/?page_id=1469\" data-type=\"page\" data-id=\"1469\">R\u00fcckblick EAMF 01.-02. Juni 2024 in Sursee<\/a><\/p>\n\n\n\n<h5 class=\"wp-block-heading\"><a href=\"https:\/\/aorh.ch\/?page_id=1395\">R\u00fcckblick Jahreskonzerte 2023<\/a><\/h5>\n\n\n\n<p><a href=\"https:\/\/aorh.ch\/?page_id=1284\" data-type=\"URL\" data-id=\"https:\/\/aorh.ch\/?page_id=1284\">R\u00fcckblick Kultur im Pavillon am See 27. Juni 2021<\/a><\/p>\n\n\n\n<p><a href=\"https:\/\/aorh.ch\/?page_id=1195\">R\u00fcckblick Jahreskonzert 2019<\/a><\/p>\n\n\n\n<p><a href=\"https:\/\/aorh.ch\/?page_id=1136\">R\u00fcckblick Jahreskonzert 2018<\/a><\/p>\n\n\n\n<p><a href=\"https:\/\/aorh.ch\/?page_id=1119\">R\u00fcckblick RAMF 02. Juni 2018 in Rapperswil<\/a><\/p>\n\n\n\n<p><a href=\"https:\/\/aorh.ch\/?page_id=1089\">R\u00fcckblick Jahreskonzert 2017<\/a><\/p>\n\n\n\n<p><a href=\"https:\/\/aorh.ch\/wp-content\/uploads\/2017\/05\/Dirigentenwechsel.pdf\">Dirigentenwechsel<\/a><\/p>\n\n\n\n<p><a href=\"https:\/\/aorh.ch\/?page_id=1057\">R\u00fcckblick Jahreskonzert 2016<\/a><\/p>\n\n\n\n<p><a href=\"https:\/\/aorh.ch\/?page_id=1008\">R\u00fcckblick EAMF 03.-05. Juni 2016 in Disentis<\/a><\/p>\n\n\n\n<p><a href=\"https:\/\/aorh.ch\/?page_id=985\">R\u00fcckblick Jahreskonzert 2015<\/a><\/p>\n\n\n\n<p><a href=\"https:\/\/aorh.ch\/?page_id=750\">R\u00fcckblick Jahreskonzert 2014<\/a><\/p>\n\n\n\n<p><a href=\"https:\/\/aorh.ch\/?page_id=759\">R\u00fcckblick OAMF 28.-29. Juni 2014 in Sirnach<\/a><\/p>\n\n\n\n<p><a href=\"https:\/\/aorh.ch\/?page_id=769\">R\u00fcckblick &#8222;30 Jahre AOR&#8220;<\/a><\/p>\n\n\n\n<p><a href=\"https:\/\/aorh.ch\/?page_id=773\">R\u00fcckblick Jahreskonzert 2012<\/a><\/p>\n\n\n\n<p><a href=\"https:\/\/aorh.ch\/?page_id=778\">R\u00fcckblick EHAMF 09.-10. Juni 2012 in Winterthur<\/a><\/p>\n\n\n\n<p><a href=\"https:\/\/aorh.ch\/?page_id=782\">R\u00fcckblick Jahreskonzert 2011<\/a><\/p>\n\n\n\n<p><a href=\"https:\/\/aorh.ch\/?page_id=788\">R\u00fcckblick OAMF 2.-3. Juli 2011 in Kreuzlingen<\/a><\/p>\n\n\n\n<p><a href=\"https:\/\/aorh.ch\/?page_id=793\">R\u00fcckblick Jahreskonzert 2010<\/a><\/p>\n\n\n\n<p><a href=\"https:\/\/aorh.ch\/?page_id=803\">R\u00fcckblick Jahreskonzert 2009<\/a><\/p>\n\n\n\n<p><a href=\"https:\/\/aorh.ch\/?page_id=807\">EHAMF 12.-14. Juni 2009 in Herisau<\/a><\/p>\n\n\n\n<p><a href=\"https:\/\/aorh.ch\/?page_id=811\">R\u00fcckblick Jahreskonzert 2008<\/a><\/p>\n\n\n\n<p><a href=\"https:\/\/aorh.ch\/?page_id=832\">R\u00fcckblick Jahreskonzert 2007<\/a><\/p>\n\n\n\n<p><a href=\"https:\/\/aorh.ch\/?page_id=838\">Nachwuchs-Jungmusikantensieger vom 9. September 2007<\/a><\/p>\n\n\n\n<p><a href=\"https:\/\/aorh.ch\/wp-content\/uploads\/2013\/11\/russ.pdf\">Musica Helvetica Iuvenilis Juli \/ August 2007<\/a><\/p>\n\n\n\n<p><a href=\"https:\/\/aorh.ch\/?page_id=843\">Ausscheidung Coupe Suisse de l&#8217;Accordeon 2007<\/a><\/p>\n\n\n\n<p><a href=\"https:\/\/aorh.ch\/?page_id=848\">R\u00fcckblick Jahreskonzert 2006<\/a><\/p>\n\n\n\n<p><a href=\"https:\/\/aorh.ch\/?page_id=854\">Nachwuchs-Jungmusikantensieger vom 2. September 2006<\/a><\/p>\n\n\n\n<p><a href=\"https:\/\/aorh.ch\/?page_id=859\">R\u00fcckblick OAMF 9.-11. Juni 2006 in Disentis<\/a><\/p>\n\n\n\n<p><a href=\"https:\/\/aorh.ch\/?page_id=865\">R\u00fcckblick Jahreskonzert 2005<\/a><\/p>\n\n\n\n<p><a href=\"https:\/\/aorh.ch\/?page_id=871\">Parkfest am See Rorschach 13. August 2005<\/a><\/p>\n\n\n\n<p><a href=\"https:\/\/aorh.ch\/?page_id=876\">R\u00fcckblick Jahreskonzert 2004<\/a><\/p>\n\n\n\n<p><a href=\"https:\/\/aorh.ch\/?page_id=881\">EHAMF 11.-13. Juni 2004 in Lyss<\/a><\/p>\n\n\n\n<p><a href=\"https:\/\/aorh.ch\/?page_id=885\">SF DRS &#8222;Hopp de B\u00e4se&#8220; vom 9. Oktober 2004<\/a><\/p>\n\n\n\n<p><a href=\"https:\/\/aorh.ch\/?page_id=889\">SF DRS &#8222;Hopp de B\u00e4se&#8220; vom 12. Juni 2004<\/a><\/p>\n\n\n\n<p><a href=\"https:\/\/aorh.ch\/?page_id=893\">SF DRS &#8222;Hopp de B\u00e4se&#8220; vom 15. Mai 2004<\/a><\/p>\n\n\n\n<p><a href=\"https:\/\/aorh.ch\/?page_id=898\">Jungmusikanten Wettbewerb<\/a><\/p>\n\n\n\n<p><a href=\"https:\/\/aorh.ch\/?page_id=903\">R\u00fcckblick &#8222;20 Jahre AOR&#8220;<\/a><\/p>\n\n\n\n<p><a href=\"https:\/\/aorh.ch\/?page_id=912\">Teilnehmer am Final des &#8222;Coupe Suisse 2003&#8220;<\/a><\/p>\n\n\n\n<p><a href=\"https:\/\/aorh.ch\/?page_id=917\">13. EHAMF 16.\/17.\/18. Juni 2000 in Luzern<\/a><\/p>\n\n\n\n<p>An dieser Stelle m\u00f6chten wir uns ganz herzlich bei unseren Passivmitgliedern<br>und <a href=\"https:\/\/aorh.ch\/?page_id=515\">G\u00f6nnern<\/a> f\u00fcr die tolle Unterst\u00fctzung bedanken.<\/p>\n\n\n\n<p>CH27 8080 8002 0366 4537 4<br>Akkordeon Orchester Rorschach-Heiden<br>9400 Rorschach<\/p>\n\n\n\n<div class=\"wp-block-group\"><div class=\"wp-block-group__inner-container is-layout-flow wp-block-group-is-layout-flow\">\n<p>Notenspende  &nbsp; &nbsp;Fr. 130.-<br>G\u00f6nner&nbsp; &nbsp; &nbsp; &nbsp; &nbsp;&nbsp;ab&nbsp;Fr.&nbsp; &nbsp;50.-<br>Passivmitglieder Fr.&nbsp; &nbsp;25.-<\/p>\n<\/div><\/div>\n\n\n\n<p><\/p>\n","protected":false},"excerpt":{"rendered":"<p>Wenn Sie uns unterst\u00fctzen m\u00f6chten&nbsp;oder Fragen haben &#8211; Bitte nicht z\u00f6gern R\u00fcckblick Adventskonzert 2025 in Heiden R\u00fcckblick Jahreskonzert 2025 Rorschach R\u00fcckblick Moonlightbar Goldach R\u00fcckblick Jahreskonzerte 2024 R\u00fcckblick EAMF 01.-02. Juni 2024 in Sursee R\u00fcckblick Jahreskonzerte 2023 R\u00fcckblick Kultur im Pavillon am See 27. Juni 2021 R\u00fcckblick Jahreskonzert 2019 R\u00fcckblick Jahreskonzert 2018 R\u00fcckblick RAMF 02. Juni&hellip; <a class=\"more-link\" href=\"https:\/\/aorh.ch\/?event=regionales-akkordeon-musikfest\"><span class=\"screen-reader-text\">Regionales Akkordeon- Musikfest<\/span> weiterlesen<\/a><\/p>\n","protected":false},"author":1,"featured_media":0,"parent":0,"menu_order":0,"comment_status":"closed","ping_status":"closed","template":"","meta":{"footnotes":""},"class_list":["post-122","page","type-page","status-publish","hentry","entry"],"_links":{"self":[{"href":"https:\/\/aorh.ch\/index.php?rest_route=\/wp\/v2\/pages\/122","targetHints":{"allow":["GET"]}}],"collection":[{"href":"https:\/\/aorh.ch\/index.php?rest_route=\/wp\/v2\/pages"}],"about":[{"href":"https:\/\/aorh.ch\/index.php?rest_route=\/wp\/v2\/types\/page"}],"author":[{"embeddable":true,"href":"https:\/\/aorh.ch\/index.php?rest_route=\/wp\/v2\/users\/1"}],"replies":[{"embeddable":true,"href":"https:\/\/aorh.ch\/index.php?rest_route=%2Fwp%2Fv2%2Fcomments&post=122"}],"version-history":[{"count":165,"href":"https:\/\/aorh.ch\/index.php?rest_route=\/wp\/v2\/pages\/122\/revisions"}],"predecessor-version":[{"id":1609,"href":"https:\/\/aorh.ch\/index.php?rest_route=\/wp\/v2\/pages\/122\/revisions\/1609"}],"wp:attachment":[{"href":"https:\/\/aorh.ch\/index.php?rest_route=%2Fwp%2Fv2%2Fmedia&parent=122"}],"curies":[{"name":"wp","href":"https:\/\/api.w.org\/{rel}","templated":true}]}}