{"id":1532,"date":"2024-11-04T21:35:14","date_gmt":"2024-11-04T20:35:14","guid":{"rendered":"https:\/\/aorh.ch\/?page_id=1532"},"modified":"2024-12-09T12:28:33","modified_gmt":"2024-12-09T11:28:33","slug":"rueckblick-jahreskonzerte-2024","status":"publish","type":"page","link":"https:\/\/aorh.ch\/?page_id=1532","title":{"rendered":"R\u00fcckblick Jahreskonzerte 2024"},"content":{"rendered":"\n<figure class=\"wp-block-image size-large\"><a href=\"https:\/\/aorh.ch\/wp-content\/uploads\/2024\/11\/JK24AORH1.jpg\"><img loading=\"lazy\" decoding=\"async\" width=\"1024\" height=\"634\" src=\"https:\/\/aorh.ch\/wp-content\/uploads\/2024\/11\/JK24AORH1-1024x634.jpg\" alt=\"\" class=\"wp-image-1535\" srcset=\"https:\/\/aorh.ch\/wp-content\/uploads\/2024\/11\/JK24AORH1-1024x634.jpg 1024w, https:\/\/aorh.ch\/wp-content\/uploads\/2024\/11\/JK24AORH1-300x186.jpg 300w, https:\/\/aorh.ch\/wp-content\/uploads\/2024\/11\/JK24AORH1-768x475.jpg 768w, https:\/\/aorh.ch\/wp-content\/uploads\/2024\/11\/JK24AORH1.jpg 1036w\" sizes=\"auto, (max-width: 1024px) 100vw, 1024px\" \/><\/a><\/figure>\n\n\n\n<figure class=\"wp-block-image size-large\"><a href=\"https:\/\/aorh.ch\/wp-content\/uploads\/2024\/11\/JK24AORH2.jpg\"><img loading=\"lazy\" decoding=\"async\" width=\"1024\" height=\"704\" src=\"https:\/\/aorh.ch\/wp-content\/uploads\/2024\/11\/JK24AORH2-1024x704.jpg\" alt=\"\" class=\"wp-image-1536\" srcset=\"https:\/\/aorh.ch\/wp-content\/uploads\/2024\/11\/JK24AORH2-1024x704.jpg 1024w, https:\/\/aorh.ch\/wp-content\/uploads\/2024\/11\/JK24AORH2-300x206.jpg 300w, https:\/\/aorh.ch\/wp-content\/uploads\/2024\/11\/JK24AORH2-768x528.jpg 768w, https:\/\/aorh.ch\/wp-content\/uploads\/2024\/11\/JK24AORH2.jpg 1130w\" sizes=\"auto, (max-width: 1024px) 100vw, 1024px\" \/><\/a><\/figure>\n\n\n\n<figure class=\"wp-block-image size-full\"><a href=\"https:\/\/aorh.ch\/wp-content\/uploads\/2024\/11\/JK24AORH3.jpg\"><img loading=\"lazy\" decoding=\"async\" width=\"1024\" height=\"675\" src=\"https:\/\/aorh.ch\/wp-content\/uploads\/2024\/11\/JK24AORH3.jpg\" alt=\"\" class=\"wp-image-1537\" srcset=\"https:\/\/aorh.ch\/wp-content\/uploads\/2024\/11\/JK24AORH3.jpg 1024w, https:\/\/aorh.ch\/wp-content\/uploads\/2024\/11\/JK24AORH3-300x198.jpg 300w, https:\/\/aorh.ch\/wp-content\/uploads\/2024\/11\/JK24AORH3-768x506.jpg 768w\" sizes=\"auto, (max-width: 1024px) 100vw, 1024px\" \/><\/a><\/figure>\n\n\n\n<h1 class=\"wp-block-heading\">Unterhaltungskonzert des Akkordeon Orchesters Rorschach-Heiden<\/h1>\n\n\n\n<p><strong>Am Sonntag, 3. November pr\u00e4sentierte das Akkordeon Orchester Rorschach-Heiden unter der Leitung von Mihai Alexa einen bunten Melodienstrauss und bewies dem begeisterten Publikum, dass man mit dem Akkordeon sowohl traditionelle Volkmusik wie auch Pop- und Rocksongs spielen kann. F\u00fcr einen\u00bb J\u00f6-Effekt\u00bb sorgte die Kindertanzgruppe der Trachtengruppe Rorschacherberg.<\/strong><\/p>\n\n\n\n<p><strong>Musik, die Generationen vereint<\/strong><br>Der Einladung zum traditionellen Unterhaltungskonzert des Akkordeon Orchesters Rorschach-Heiden folgten junge und jung gebliebene G\u00e4ste in den herbstlich geschm\u00fcckten Stadthofsaal Rorschach. In einem rockigen Einmarsch mit \u00abMusic\u00bb von John Miles schwelgte man in \u00abMy Way\u00bb von Frank Sinatra in alten Zeiten. Das Ansageduo \u00abEhepaar Chifler\u00bb blieb sich nichts an Spr\u00fcchen schuldig und sorgte f\u00fcr herzhafte Lacher. Eine vermeintlich hohe Erbschaft f\u00fchrte zu Irrungen und Wirrungen durch die ganze Welt, begleitet von den jeweiligen Songs, wie zum Beispiel mit Tangos nach Argentinien oder \u00abPour un flirt\u00bb nach Frankreich.<\/p>\n\n\n\n<p>Vor der Pause sorgten die kunstvoll frisierten M\u00e4dchen und feschen Buben der Trachtengruppe Rorschacherberg f\u00fcr grossen Beifall. Hoch konzentriert f\u00fchrten sie folkloristische T\u00e4nze vor und pr\u00e4sentierten ihre Trachten, bevor in der Pause ein Kafistube-Buffet lockte.<\/p>\n\n\n\n<p><strong>Vorz\u00fcglich am Eidgen\u00f6ssischen Akkordeon-Musikfest in Sursee<\/strong><br>Mit \u00abConcerto d\u2019Amore\u00bb erlangte das Orchester im Juni die H\u00f6chstwertung \u00abVorz\u00fcglich\u00bb in der Kategorie Mittelstufe. Das Publikum quittierte dieses St\u00fcck mit grossem Applaus, bevor zur sanften Rockballade \u00abNothing else matters\u00bb von Metallica mitgewippt wurde.<\/p>\n\n\n\n<p>Dass man mit dem Akkordeon sogar ein Alphorn imitieren kann, h\u00f6rte man im bekannten St\u00fcck \u00abSwiss Lady\u00bb von Pepe Lienhard. Als besonderen musikalischen Leckerbissen setzte sich Dirigent Mihai Alexa an den Fl\u00fcgel und interpretierte \u00abI will survive\u00bb und \u00abB\u00f6hmischer Traum\u00bb, welchen er mit dem Aktivmitglied Cornelia Weiler im Duett sang. Passend zum Schlussst\u00fcck \u00abAuf der Autobahn\u00bb gab es kein Halten mehr, und es wurde st\u00fcrmisch eine Zugabe gefordert.<\/p>\n\n\n\n<p><strong>Adventskonzert in Heiden<\/strong><br>Am&nbsp;<strong>Sonntag, 8. Dezember<\/strong>&nbsp;wird das Repertoire in etwas adventlich angepasster Form nochmals zu h\u00f6ren sein. Das Akkordeon Orchester Rorschach-Heiden l\u00e4dt&nbsp;<strong>um 17:00 Uhr in die Evangelische Kirche Heiden<\/strong>&nbsp;ein. Der Eintritt ist frei \u2013 es wird eine Kollekte erhoben.<\/p>\n\n\n\n<p>Text: Akkordeon Orchester Rorschach-Heiden, Diana Diethelm<\/p>\n\n\n\n<figure class=\"wp-block-image size-large\"><a href=\"https:\/\/aorh.ch\/wp-content\/uploads\/2024\/12\/JK24AORH4.jpg\"><img loading=\"lazy\" decoding=\"async\" width=\"1024\" height=\"577\" src=\"https:\/\/aorh.ch\/wp-content\/uploads\/2024\/12\/JK24AORH4-1024x577.jpg\" alt=\"\" class=\"wp-image-1545\" srcset=\"https:\/\/aorh.ch\/wp-content\/uploads\/2024\/12\/JK24AORH4-1024x577.jpg 1024w, https:\/\/aorh.ch\/wp-content\/uploads\/2024\/12\/JK24AORH4-300x169.jpg 300w, https:\/\/aorh.ch\/wp-content\/uploads\/2024\/12\/JK24AORH4-768x432.jpg 768w, https:\/\/aorh.ch\/wp-content\/uploads\/2024\/12\/JK24AORH4-1536x865.jpg 1536w, https:\/\/aorh.ch\/wp-content\/uploads\/2024\/12\/JK24AORH4-1568x883.jpg 1568w, https:\/\/aorh.ch\/wp-content\/uploads\/2024\/12\/JK24AORH4.jpg 2000w\" sizes=\"auto, (max-width: 1024px) 100vw, 1024px\" \/><\/a><\/figure>\n\n\n\n<figure class=\"wp-block-image size-large\"><a href=\"https:\/\/aorh.ch\/wp-content\/uploads\/2024\/12\/JK24AORH5.jpg\"><img loading=\"lazy\" decoding=\"async\" width=\"1024\" height=\"577\" src=\"https:\/\/aorh.ch\/wp-content\/uploads\/2024\/12\/JK24AORH5-1024x577.jpg\" alt=\"\" class=\"wp-image-1546\" srcset=\"https:\/\/aorh.ch\/wp-content\/uploads\/2024\/12\/JK24AORH5-1024x577.jpg 1024w, https:\/\/aorh.ch\/wp-content\/uploads\/2024\/12\/JK24AORH5-300x169.jpg 300w, https:\/\/aorh.ch\/wp-content\/uploads\/2024\/12\/JK24AORH5-768x432.jpg 768w, https:\/\/aorh.ch\/wp-content\/uploads\/2024\/12\/JK24AORH5-1536x865.jpg 1536w, https:\/\/aorh.ch\/wp-content\/uploads\/2024\/12\/JK24AORH5-1568x883.jpg 1568w, https:\/\/aorh.ch\/wp-content\/uploads\/2024\/12\/JK24AORH5.jpg 2000w\" sizes=\"auto, (max-width: 1024px) 100vw, 1024px\" \/><\/a><\/figure>\n\n\n\n<figure class=\"wp-block-image size-large\"><a href=\"https:\/\/aorh.ch\/wp-content\/uploads\/2024\/12\/JK24AORH6.jpg\"><img loading=\"lazy\" decoding=\"async\" width=\"1024\" height=\"577\" src=\"https:\/\/aorh.ch\/wp-content\/uploads\/2024\/12\/JK24AORH6-1024x577.jpg\" alt=\"\" class=\"wp-image-1547\" srcset=\"https:\/\/aorh.ch\/wp-content\/uploads\/2024\/12\/JK24AORH6-1024x577.jpg 1024w, https:\/\/aorh.ch\/wp-content\/uploads\/2024\/12\/JK24AORH6-300x169.jpg 300w, https:\/\/aorh.ch\/wp-content\/uploads\/2024\/12\/JK24AORH6-768x432.jpg 768w, https:\/\/aorh.ch\/wp-content\/uploads\/2024\/12\/JK24AORH6-1536x865.jpg 1536w, https:\/\/aorh.ch\/wp-content\/uploads\/2024\/12\/JK24AORH6-1568x883.jpg 1568w, https:\/\/aorh.ch\/wp-content\/uploads\/2024\/12\/JK24AORH6.jpg 2000w\" sizes=\"auto, (max-width: 1024px) 100vw, 1024px\" \/><\/a><\/figure>\n","protected":false},"excerpt":{"rendered":"<p>Unterhaltungskonzert des Akkordeon Orchesters Rorschach-Heiden Am Sonntag, 3. November pr\u00e4sentierte das Akkordeon Orchester Rorschach-Heiden unter der Leitung von Mihai Alexa einen bunten Melodienstrauss und bewies dem begeisterten Publikum, dass man mit dem Akkordeon sowohl traditionelle Volkmusik wie auch Pop- und Rocksongs spielen kann. F\u00fcr einen\u00bb J\u00f6-Effekt\u00bb sorgte die Kindertanzgruppe der Trachtengruppe Rorschacherberg. Musik, die Generationen&hellip; <a class=\"more-link\" href=\"https:\/\/aorh.ch\/?page_id=1532\"><span class=\"screen-reader-text\">R\u00fcckblick Jahreskonzerte 2024<\/span> weiterlesen<\/a><\/p>\n","protected":false},"author":1,"featured_media":0,"parent":0,"menu_order":0,"comment_status":"closed","ping_status":"closed","template":"","meta":{"footnotes":""},"class_list":["post-1532","page","type-page","status-publish","hentry","entry"],"_links":{"self":[{"href":"https:\/\/aorh.ch\/index.php?rest_route=\/wp\/v2\/pages\/1532","targetHints":{"allow":["GET"]}}],"collection":[{"href":"https:\/\/aorh.ch\/index.php?rest_route=\/wp\/v2\/pages"}],"about":[{"href":"https:\/\/aorh.ch\/index.php?rest_route=\/wp\/v2\/types\/page"}],"author":[{"embeddable":true,"href":"https:\/\/aorh.ch\/index.php?rest_route=\/wp\/v2\/users\/1"}],"replies":[{"embeddable":true,"href":"https:\/\/aorh.ch\/index.php?rest_route=%2Fwp%2Fv2%2Fcomments&post=1532"}],"version-history":[{"count":4,"href":"https:\/\/aorh.ch\/index.php?rest_route=\/wp\/v2\/pages\/1532\/revisions"}],"predecessor-version":[{"id":1548,"href":"https:\/\/aorh.ch\/index.php?rest_route=\/wp\/v2\/pages\/1532\/revisions\/1548"}],"wp:attachment":[{"href":"https:\/\/aorh.ch\/index.php?rest_route=%2Fwp%2Fv2%2Fmedia&parent=1532"}],"curies":[{"name":"wp","href":"https:\/\/api.w.org\/{rel}","templated":true}]}}