{"id":515,"date":"2013-11-02T14:35:18","date_gmt":"2013-11-02T13:35:18","guid":{"rendered":"http:\/\/aor.bplaced.net\/wp\/?page_id=515"},"modified":"2024-12-13T16:32:00","modified_gmt":"2024-12-13T15:32:00","slug":"unsere-goenner","status":"publish","type":"page","link":"https:\/\/aorh.ch\/?page_id=515","title":{"rendered":"G\u00f6nner\/Passive"},"content":{"rendered":"\n<p>Anita Sprenger , 8370 Sirnach<br>B\u00e4ckerei Konditorei zur Weinburg , 9038 Rehetobel<br>Bernhard Egger , 9034 Eggersriet<br>Christian Lutz , 9403 Goldach<br>Daniel Berweger, Gasthaus Hirschen , 9410 Heiden<br>E.M. und F. Geser , 9400 Rorschach<br>Erich Kern , 9410 Heiden<br>Erika Engeler-Manhart , 9000 St. Gallen<br>Erika Heeb , 9000 St. Gallen<br>Ernst Eicher-M\u00fcller , 9403 Goldach<br>Federer AG Uhren Bijouterie , 9400 Rorschach<br>Friedy Kn\u00f6pfel , 9403 Goldach<br>Gottfried und Marie-H\u00e9l\u00e8ne Keller , 9205 Waldkirch<br>Hanspeter Weber , 9404 Rorschacherberg<br>Heidi Nett-Weder , 9403 Goldach<br>Heinz Brunner , 9410 Heiden<br>Heinz Grob , 9404 Rorschacherberg<br>Herta Heiz , 9400 Rorschach<br>Irene und Hannes Sonderegger , 9413 Oberegg<br>Irmgard Buchel , 9497 Triesenberg<br>K. und G. Gonzenbach , 9014 St. Gallen<br>Karl Signer , 9413 Oberegg<br>Kornhausbr\u00e4u AG , 9400 Rorschach<br>Kurt M\u00fcller , 9404 Rorschacherberg<br>Landi Goldach-M\u00f6rschwil Genossenschaft , 9403 Goldach<br>Maria Giovanna Di Salvo , 8374 Oberwangen<br>Marianne Tobler-Obi , 9404 Rorschacherberg<br>Patrizia Lucia Braun , 9008 St. Gallen<br>Philippe Pascal Gaigeot , 9008 St. Gallen<br>Pizzeria Capri , 9401 Rorschach<br>Raiffeisenbank Regio Rorschach , 9400 Rorschach<br>Ren\u00e9 und Margrit B\u00e4nziger , 9038 Rehetobel<br>Restaurant St. Anton AG , 9413 Oberegg<br>Roald Aebischer , 9400 Rorschach<br>Robert Dietz AG , 9410 Heiden<br>Rosemarie Zulian , 9403 Goldach<br>Rosmarie Schl\u00e4pfer , 9034 Eggersriet<br>Roswitha Eicher , 9200 Gossau<br>Ruedi Wachter, Musikhaus &amp; Musikschule , 9400 Rorschach<br>Schweiz. Mobiliar Versicherungen , 9400 Rorschach<br>Sonderegger Weine , 9410 Heiden<br>Stefan und Claudia Kohlbrenner , 8335 Hittnau<br>Traffic Bar , 9403 Goldach<br>Trudi Bellorti , 9410 Heiden<br>Ueli und Erika Vetsch , 9038 Rehetobel<br>Vito Suozzi , 9400 Rorschach<\/p>\n","protected":false},"excerpt":{"rendered":"<p>Anita Sprenger , 8370 SirnachB\u00e4ckerei Konditorei zur Weinburg , 9038 RehetobelBernhard Egger , 9034 EggersrietChristian Lutz , 9403 GoldachDaniel Berweger, Gasthaus Hirschen , 9410 HeidenE.M. und F. Geser , 9400 RorschachErich Kern , 9410 HeidenErika Engeler-Manhart , 9000 St. GallenErika Heeb , 9000 St. GallenErnst Eicher-M\u00fcller , 9403 GoldachFederer AG Uhren Bijouterie , 9400 RorschachFriedy&hellip; <a class=\"more-link\" href=\"https:\/\/aorh.ch\/?page_id=515\"><span class=\"screen-reader-text\">G\u00f6nner\/Passive<\/span> weiterlesen<\/a><\/p>\n","protected":false},"author":1,"featured_media":0,"parent":0,"menu_order":0,"comment_status":"closed","ping_status":"closed","template":"","meta":{"footnotes":""},"class_list":["post-515","page","type-page","status-publish","hentry","entry"],"_links":{"self":[{"href":"https:\/\/aorh.ch\/index.php?rest_route=\/wp\/v2\/pages\/515","targetHints":{"allow":["GET"]}}],"collection":[{"href":"https:\/\/aorh.ch\/index.php?rest_route=\/wp\/v2\/pages"}],"about":[{"href":"https:\/\/aorh.ch\/index.php?rest_route=\/wp\/v2\/types\/page"}],"author":[{"embeddable":true,"href":"https:\/\/aorh.ch\/index.php?rest_route=\/wp\/v2\/users\/1"}],"replies":[{"embeddable":true,"href":"https:\/\/aorh.ch\/index.php?rest_route=%2Fwp%2Fv2%2Fcomments&post=515"}],"version-history":[{"count":19,"href":"https:\/\/aorh.ch\/index.php?rest_route=\/wp\/v2\/pages\/515\/revisions"}],"predecessor-version":[{"id":1550,"href":"https:\/\/aorh.ch\/index.php?rest_route=\/wp\/v2\/pages\/515\/revisions\/1550"}],"wp:attachment":[{"href":"https:\/\/aorh.ch\/index.php?rest_route=%2Fwp%2Fv2%2Fmedia&parent=515"}],"curies":[{"name":"wp","href":"https:\/\/api.w.org\/{rel}","templated":true}]}}