{"id":759,"date":"2015-04-20T21:28:19","date_gmt":"2015-04-20T19:28:19","guid":{"rendered":"http:\/\/aor.bplaced.net\/wp\/?page_id=759"},"modified":"2015-04-20T21:51:49","modified_gmt":"2015-04-20T19:51:49","slug":"rueckblick-oamf-28-29-juni-2014-in-sirnach","status":"publish","type":"page","link":"https:\/\/aorh.ch\/?page_id=759","title":{"rendered":"R\u00fcckblick OAMF 28.-29. Juni 2014 in Sirnach"},"content":{"rendered":"<p><a href=\"https:\/\/aorh.ch\/wp-content\/uploads\/2015\/04\/sirnach.png\"><img loading=\"lazy\" decoding=\"async\" class=\" size-full wp-image-762 alignnone\" src=\"https:\/\/aorh.ch\/wp-content\/uploads\/2015\/04\/sirnach.png\" alt=\"sirnach\" width=\"377\" height=\"195\" srcset=\"https:\/\/aorh.ch\/wp-content\/uploads\/2015\/04\/sirnach.png 377w, https:\/\/aorh.ch\/wp-content\/uploads\/2015\/04\/sirnach-300x155.png 300w\" sizes=\"auto, (max-width: 377px) 100vw, 377px\" \/><\/a><\/p>\n<p>Tagblatt Online, 1. Juli 2014, 02:36 Uhr<\/p>\n<p>\u00abVorz\u00fcglich\u00bb f\u00fcr Rorschach<\/p>\n<p><a href=\"https:\/\/aorh.ch\/wp-content\/uploads\/2015\/04\/sirnach2.jpg\"><img loading=\"lazy\" decoding=\"async\" class=\"aligncenter size-full wp-image-764\" src=\"https:\/\/aorh.ch\/wp-content\/uploads\/2015\/04\/sirnach2.jpg\" alt=\"sirnach2\" width=\"2048\" height=\"1536\" srcset=\"https:\/\/aorh.ch\/wp-content\/uploads\/2015\/04\/sirnach2.jpg 2048w, https:\/\/aorh.ch\/wp-content\/uploads\/2015\/04\/sirnach2-300x225.jpg 300w, https:\/\/aorh.ch\/wp-content\/uploads\/2015\/04\/sirnach2-1024x768.jpg 1024w\" sizes=\"auto, (max-width: 2048px) 100vw, 2048px\" \/><\/a><\/p>\n<p>Die h\u00f6chste Auszeichnung f\u00fcrs Akkordeon-Orchester Rorschach. (Bild: pd)<\/p>\n<p>Am Wochenende trafen sich in Sirnach 30 Akkordeon-Formationen zum Ostschweizer Akkordeon-Musikfest. Mit dabei waren auch Rorschacher Musiker.<br \/>\nRORSCHACH. Im Rhythmus von vier Jahren findet das ostschweizerische Akkordeon-Musikfest statt. Dieses Mal zusammen mit dem Z\u00fcrcher Akkordeon-Verband in Sirnach. \u00dcber 500 Teilnehmende von 30 Orchestern gaben w\u00e4hrend zweier Tage Kostproben ihres K\u00f6nnens in diversen Wettspielen, Musikvortr\u00e4gen und Platzkonzerten.<\/p>\n<p>Am Musikfest der Regionalverb\u00e4nde Ostschweiz und Z\u00fcrich beteiligte sich auch das Akkordeon-Orchester Rorschach &#8211; und konnte einen sch\u00f6nen Erfolg verbuchen. Unter der musikalischen Leitung von Ruedi Wachter trugen die Rorschacher der Jury in der Kategorie Oberstufe das Wettst\u00fcck \u00abBagatelle\u00bb vor. Mit ihrer Darbietung erreichte das Orchester total 91 von 100 Punkten und damit ein hervorragendes \u00abVorz\u00fcglich\u00bb, also die h\u00f6chste Auszeichnung.<\/p>\n<p>Die Jury war sich einig, dass sich die Orchester alle hervorragend auf das Wettspiel vorbereitet haben. \u00abDer Enthusiasmus eines jeden einzelnen, der liebevolle Umgang untereinander und das sehr hohe musikalische Niveau \u00fcberzeugen uns von A bis Z\u00bb. (Zu\/DE\/che)<\/p>\n<p><a href=\"https:\/\/aorh.ch\/wp-content\/uploads\/2015\/04\/sirnach1.jpg\"><img loading=\"lazy\" decoding=\"async\" class=\"aligncenter size-full wp-image-763\" src=\"https:\/\/aorh.ch\/wp-content\/uploads\/2015\/04\/sirnach1.jpg\" alt=\"sirnach1\" width=\"2048\" height=\"1536\" srcset=\"https:\/\/aorh.ch\/wp-content\/uploads\/2015\/04\/sirnach1.jpg 2048w, https:\/\/aorh.ch\/wp-content\/uploads\/2015\/04\/sirnach1-300x225.jpg 300w, https:\/\/aorh.ch\/wp-content\/uploads\/2015\/04\/sirnach1-1024x768.jpg 1024w\" sizes=\"auto, (max-width: 2048px) 100vw, 2048px\" \/><\/a><\/p>\n<p><a href=\"https:\/\/aorh.ch\/wp-content\/uploads\/2015\/04\/sirnach4.jpg\"><img loading=\"lazy\" decoding=\"async\" class=\"aligncenter size-full wp-image-765\" src=\"https:\/\/aorh.ch\/wp-content\/uploads\/2015\/04\/sirnach4.jpg\" alt=\"sirnach4\" width=\"2048\" height=\"1536\" srcset=\"https:\/\/aorh.ch\/wp-content\/uploads\/2015\/04\/sirnach4.jpg 2048w, https:\/\/aorh.ch\/wp-content\/uploads\/2015\/04\/sirnach4-300x225.jpg 300w, https:\/\/aorh.ch\/wp-content\/uploads\/2015\/04\/sirnach4-1024x768.jpg 1024w\" sizes=\"auto, (max-width: 2048px) 100vw, 2048px\" \/><\/a><\/p>\n","protected":false},"excerpt":{"rendered":"<p>Tagblatt Online, 1. Juli 2014, 02:36 Uhr \u00abVorz\u00fcglich\u00bb f\u00fcr Rorschach Die h\u00f6chste Auszeichnung f\u00fcrs Akkordeon-Orchester Rorschach. (Bild: pd) Am Wochenende trafen sich in Sirnach 30 Akkordeon-Formationen zum Ostschweizer Akkordeon-Musikfest. Mit dabei waren auch Rorschacher Musiker. RORSCHACH. Im Rhythmus von vier Jahren findet das ostschweizerische Akkordeon-Musikfest statt. Dieses Mal zusammen mit dem Z\u00fcrcher Akkordeon-Verband in Sirnach.&hellip; <a class=\"more-link\" href=\"https:\/\/aorh.ch\/?page_id=759\"><span class=\"screen-reader-text\">R\u00fcckblick OAMF 28.-29. Juni 2014 in Sirnach<\/span> weiterlesen<\/a><\/p>\n","protected":false},"author":1,"featured_media":0,"parent":122,"menu_order":2,"comment_status":"closed","ping_status":"closed","template":"","meta":{"footnotes":""},"class_list":["post-759","page","type-page","status-publish","hentry","entry"],"_links":{"self":[{"href":"https:\/\/aorh.ch\/index.php?rest_route=\/wp\/v2\/pages\/759","targetHints":{"allow":["GET"]}}],"collection":[{"href":"https:\/\/aorh.ch\/index.php?rest_route=\/wp\/v2\/pages"}],"about":[{"href":"https:\/\/aorh.ch\/index.php?rest_route=\/wp\/v2\/types\/page"}],"author":[{"embeddable":true,"href":"https:\/\/aorh.ch\/index.php?rest_route=\/wp\/v2\/users\/1"}],"replies":[{"embeddable":true,"href":"https:\/\/aorh.ch\/index.php?rest_route=%2Fwp%2Fv2%2Fcomments&post=759"}],"version-history":[{"count":4,"href":"https:\/\/aorh.ch\/index.php?rest_route=\/wp\/v2\/pages\/759\/revisions"}],"predecessor-version":[{"id":767,"href":"https:\/\/aorh.ch\/index.php?rest_route=\/wp\/v2\/pages\/759\/revisions\/767"}],"up":[{"embeddable":true,"href":"https:\/\/aorh.ch\/index.php?rest_route=\/wp\/v2\/pages\/122"}],"wp:attachment":[{"href":"https:\/\/aorh.ch\/index.php?rest_route=%2Fwp%2Fv2%2Fmedia&parent=759"}],"curies":[{"name":"wp","href":"https:\/\/api.w.org\/{rel}","templated":true}]}}

Rückblick OAMF 28.-29. Juni 2014 in Sirnach

<p><a href="https://aorh.ch/wp-content/uploads/2015/04/sirnach.png"><img loading="lazy" decoding="async" class=" size-full wp-image-762 alignnone" src="https://aorh.ch/wp-content/uploads/2015/04/sirnach.png" alt="sirnach" width="377" height="195" srcset="https://aorh.ch/wp-content/uploads/2015/04/sirnach.png 377w, https://aorh.ch/wp-content/uploads/2015/04/sirnach-300x155.png 300w" sizes="auto, (max-width: 377px) 100vw, 377px" /></a></p>
<p>Tagblatt Online, 1. Juli 2014, 02:36 Uhr</p>
<p>«Vorzüglich» für Rorschach</p>
<p><a href="https://aorh.ch/wp-content/uploads/2015/04/sirnach2.jpg"><img loading="lazy" decoding="async" class="aligncenter size-full wp-image-764" src="https://aorh.ch/wp-content/uploads/2015/04/sirnach2.jpg" alt="sirnach2" width="2048" height="1536" srcset="https://aorh.ch/wp-content/uploads/2015/04/sirnach2.jpg 2048w, https://aorh.ch/wp-content/uploads/2015/04/sirnach2-300x225.jpg 300w, https://aorh.ch/wp-content/uploads/2015/04/sirnach2-1024x768.jpg 1024w" sizes="auto, (max-width: 2048px) 100vw, 2048px" /></a></p>
<p>Die höchste Auszeichnung fürs Akkordeon-Orchester Rorschach. (Bild: pd)</p>
<p>Am Wochenende trafen sich in Sirnach 30 Akkordeon-Formationen zum Ostschweizer Akkordeon-Musikfest. Mit dabei waren auch Rorschacher Musiker.<br />
RORSCHACH. Im Rhythmus von vier Jahren findet das ostschweizerische Akkordeon-Musikfest statt. Dieses Mal zusammen mit dem Zürcher Akkordeon-Verband in Sirnach. Über 500 Teilnehmende von 30 Orchestern gaben während zweier Tage Kostproben ihres Könnens in diversen Wettspielen, Musikvorträgen und Platzkonzerten.</p>
<p>Am Musikfest der Regionalverbände Ostschweiz und Zürich beteiligte sich auch das Akkordeon-Orchester Rorschach &#8211; und konnte einen schönen Erfolg verbuchen. Unter der musikalischen Leitung von Ruedi Wachter trugen die Rorschacher der Jury in der Kategorie Oberstufe das Wettstück «Bagatelle» vor. Mit ihrer Darbietung erreichte das Orchester total 91 von 100 Punkten und damit ein hervorragendes «Vorzüglich», also die höchste Auszeichnung.</p>
<p>Die Jury war sich einig, dass sich die Orchester alle hervorragend auf das Wettspiel vorbereitet haben. «Der Enthusiasmus eines jeden einzelnen, der liebevolle Umgang untereinander und das sehr hohe musikalische Niveau überzeugen uns von A bis Z». (Zu/DE/che)</p>
<p><a href="https://aorh.ch/wp-content/uploads/2015/04/sirnach1.jpg"><img loading="lazy" decoding="async" class="aligncenter size-full wp-image-763" src="https://aorh.ch/wp-content/uploads/2015/04/sirnach1.jpg" alt="sirnach1" width="2048" height="1536" srcset="https://aorh.ch/wp-content/uploads/2015/04/sirnach1.jpg 2048w, https://aorh.ch/wp-content/uploads/2015/04/sirnach1-300x225.jpg 300w, https://aorh.ch/wp-content/uploads/2015/04/sirnach1-1024x768.jpg 1024w" sizes="auto, (max-width: 2048px) 100vw, 2048px" /></a></p>
<p><a href="https://aorh.ch/wp-content/uploads/2015/04/sirnach4.jpg"><img loading="lazy" decoding="async" class="aligncenter size-full wp-image-765" src="https://aorh.ch/wp-content/uploads/2015/04/sirnach4.jpg" alt="sirnach4" width="2048" height="1536" srcset="https://aorh.ch/wp-content/uploads/2015/04/sirnach4.jpg 2048w, https://aorh.ch/wp-content/uploads/2015/04/sirnach4-300x225.jpg 300w, https://aorh.ch/wp-content/uploads/2015/04/sirnach4-1024x768.jpg 1024w" sizes="auto, (max-width: 2048px) 100vw, 2048px" /></a></p>

<p>Tagblatt Online, 1. Juli 2014, 02:36 Uhr «Vorzüglich» für Rorschach Die höchste Auszeichnung fürs Akkordeon-Orchester Rorschach. (Bild: pd) Am Wochenende trafen sich in Sirnach 30 Akkordeon-Formationen zum Ostschweizer Akkordeon-Musikfest. Mit dabei waren auch Rorschacher Musiker. RORSCHACH. Im Rhythmus von vier Jahren findet das ostschweizerische Akkordeon-Musikfest statt. Dieses Mal zusammen mit dem Zürcher Akkordeon-Verband in Sirnach.&hellip; <a class="more-link" href="https://aorh.ch/?page_id=759"><span class="screen-reader-text">Rückblick OAMF 28.-29. Juni 2014 in Sirnach</span> weiterlesen</a></p>
