{"id":773,"date":"2015-04-20T21:46:27","date_gmt":"2015-04-20T19:46:27","guid":{"rendered":"http:\/\/aor.bplaced.net\/wp\/?page_id=773"},"modified":"2015-04-20T21:50:17","modified_gmt":"2015-04-20T19:50:17","slug":"rueckblick-jahreskonzert-2012","status":"publish","type":"page","link":"https:\/\/aorh.ch\/?page_id=773","title":{"rendered":"R\u00fcckblick Jahreskonzert 2012"},"content":{"rendered":"<p>Tagblatt Online, 27. November 2012 01:34:40<\/p>\n<p>Hits aus der Quetschkommode<\/p>\n<p>Das zahlreiche Publikum belohnte das Jahreskonzert des Akkordeon-Orchesters Rorschach im Stadthofsaal mit begeistertem Applaus. Zu h\u00f6ren bekam es ein Programm von uriger Volksmusik bis hin zu modernen Hits.<\/p>\n<p>PETER BEERLI<\/p>\n<p>RORSCHACH. \u00abBei dieser Musik wird mir wohl ums Herz\u00bb, verriet Rorschachs Stadtpr\u00e4sident Thomas M\u00fcller, als am Sonntag die Schwyzer\u00f6rgelifr\u00fcnde ihre Melodien erklingen liessen. So wie ihm, d\u00fcrfte es denn auch den meisten Zuh\u00f6renden des umfassenden Jahreskonzertes des Akkordeon-Orchesters gegangen sein.<\/p>\n<p>Werke Ruedi Wachters<\/p>\n<p>Eine grosse Schar junger und \u00e4lterer Musikantinnen und Musikanten, viele davon in Tracht, bereiteten mit dem L\u00e4ndler \u00abB\u00f6s cool\u00bb, der Polka \u00abUf de Velotour\u00bb, beide \u00fcbrigens Kompositionen von Ruedi Wachter, und einem Waadtl\u00e4nder Hochzeitsmarsch grosse Freude. Mitten unter ihnen wirkten Ruedi und Heidi Wachter selbst, die in den vergangenen drei Jahrzehnten das Akkordeon und damit auch das Schwyzer\u00f6rgeli als wesentlichen Bestandteil der Musik weit \u00fcber die Region Rorschach hinaus wieder haben gross werden lassen.<\/p>\n<p>Zwar ist das Jugend-Akkordeon-Ensemble der Musikschule Rorschach\/Goldach, was die Quantit\u00e4t betrifft, nicht mehr so gross wie in den besten Zeiten der Jugendmusikschulen. Doch die J\u00fcngsten, die immer wieder auch \u00f6ffentlich auftreten, zeigten am Sonntagnachmittag in drei ausgew\u00e4hlten Werken, dass sie wissen, dass es schon in ihrer Gruppe auf den Einsatz jedes einzelnen ihrer Gruppe ankommt und sie sich auch an dieses Wissen halten.<\/p>\n<p>Wie \u00abvorz\u00fcglich\u00bb t\u00f6nt<\/p>\n<p>Dem Akkordeon-Orchester Rorschach selbst geh\u00f6rte dann die ganze zweite H\u00e4lfte des Nachmittags, eine ganze Stunde allerfeinster Musik. Gleich zu Beginn erkl\u00e4rten Nadja Eberle und Stefan Grab, die das Konzert sicher moderierten, das Orchester sei f\u00fcr George de Godzinskys Ouverture \u00fcber zwei finnische Themen am Akkordeon-Musikfest in Winterthur mit der Note \u00abvorz\u00fcglich\u00bb belohnt worden.<\/p>\n<p>Auch als S\u00e4nger \u00fcberzeugend<\/p>\n<p>Mit vorz\u00fcglicher Musik ging es weiter: Sowohl in Dolly Partons \u00abI Will Always Love You\u00bb, bei einem Tango und all den Werken, die folgten, bewiesen die Akkordeonisten und ihr Leiter Ruedi Wachter ihr hohes K\u00f6nnen. Beim auf einen italienischen Schlager zur\u00fcckf\u00fchrenden Hit \u00abMamma\u00bb trat Vereinspr\u00e4sident Sergio Zulian als kompetenter S\u00e4nger auf, Stefan Grab tat es ihm in Michael Bubles \u00abSave the Last Dance for me\u00bb gleich und Bruno Scheiwiller trug mit seinem Mini\u00f6rgeli dazu bei, dass das Jahreskonzert bis zum Abschluss ein Erlebnis blieb.<\/p>\n<p>Wohl niemand hat w\u00e4hrend der zwei Stunden Musik je gelangweilt auf die Uhr geschaut. Viele freuen sich schon aufs n\u00e4chste Jahr. Das dreissigste Jahreskonzert wird mit besonderen Angeboten verbunden sein.<\/p>\n","protected":false},"excerpt":{"rendered":"<p>Tagblatt Online, 27. November 2012 01:34:40 Hits aus der Quetschkommode Das zahlreiche Publikum belohnte das Jahreskonzert des Akkordeon-Orchesters Rorschach im Stadthofsaal mit begeistertem Applaus. Zu h\u00f6ren bekam es ein Programm von uriger Volksmusik bis hin zu modernen Hits. PETER BEERLI RORSCHACH. \u00abBei dieser Musik wird mir wohl ums Herz\u00bb, verriet Rorschachs Stadtpr\u00e4sident Thomas M\u00fcller, als&hellip; <a class=\"more-link\" href=\"https:\/\/aorh.ch\/?page_id=773\"><span class=\"screen-reader-text\">R\u00fcckblick Jahreskonzert 2012<\/span> weiterlesen<\/a><\/p>\n","protected":false},"author":1,"featured_media":0,"parent":122,"menu_order":4,"comment_status":"closed","ping_status":"closed","template":"","meta":{"footnotes":""},"class_list":["post-773","page","type-page","status-publish","hentry","entry"],"_links":{"self":[{"href":"https:\/\/aorh.ch\/index.php?rest_route=\/wp\/v2\/pages\/773","targetHints":{"allow":["GET"]}}],"collection":[{"href":"https:\/\/aorh.ch\/index.php?rest_route=\/wp\/v2\/pages"}],"about":[{"href":"https:\/\/aorh.ch\/index.php?rest_route=\/wp\/v2\/types\/page"}],"author":[{"embeddable":true,"href":"https:\/\/aorh.ch\/index.php?rest_route=\/wp\/v2\/users\/1"}],"replies":[{"embeddable":true,"href":"https:\/\/aorh.ch\/index.php?rest_route=%2Fwp%2Fv2%2Fcomments&post=773"}],"version-history":[{"count":2,"href":"https:\/\/aorh.ch\/index.php?rest_route=\/wp\/v2\/pages\/773\/revisions"}],"predecessor-version":[{"id":969,"href":"https:\/\/aorh.ch\/index.php?rest_route=\/wp\/v2\/pages\/773\/revisions\/969"}],"up":[{"embeddable":true,"href":"https:\/\/aorh.ch\/index.php?rest_route=\/wp\/v2\/pages\/122"}],"wp:attachment":[{"href":"https:\/\/aorh.ch\/index.php?rest_route=%2Fwp%2Fv2%2Fmedia&parent=773"}],"curies":[{"name":"wp","href":"https:\/\/api.w.org\/{rel}","templated":true}]}}