{"id":782,"date":"2015-04-20T22:19:22","date_gmt":"2015-04-20T20:19:22","guid":{"rendered":"http:\/\/aor.bplaced.net\/wp\/?page_id=782"},"modified":"2015-08-21T22:39:01","modified_gmt":"2015-08-21T20:39:01","slug":"rueckblick-jahreskonzert-2011","status":"publish","type":"page","link":"https:\/\/aorh.ch\/?page_id=782","title":{"rendered":"R\u00fcckblick Jahreskonzert 2011"},"content":{"rendered":"<p>Tagblatt Online, 29. November 2011 01:04:01<\/p>\n<p>Deep Purple auf der Handorgel<\/p>\n<p>Ohrenschmaus und Augenweide: Die Schwyzer\u00f6rgelifr\u00fcnde Rorschach beim Jahreskonzert.<\/p>\n<p><a href=\"https:\/\/aorh.ch\/wp-content\/uploads\/2013\/11\/jk1101.jpg\"><img loading=\"lazy\" decoding=\"async\" class=\" size-full wp-image-280 alignnone\" src=\"https:\/\/aorh.ch\/wp-content\/uploads\/2013\/11\/jk1101.jpg\" alt=\"jk1101\" width=\"560\" height=\"299\" srcset=\"https:\/\/aorh.ch\/wp-content\/uploads\/2013\/11\/jk1101.jpg 560w, https:\/\/aorh.ch\/wp-content\/uploads\/2013\/11\/jk1101-300x160.jpg 300w\" sizes=\"auto, (max-width: 560px) 100vw, 560px\" \/><\/a><\/p>\n<p>(Bild: Gisela Tobler)<\/p>\n<p>Das Akkordeon-Orchester Rorschach pr\u00e4sentierte im gut besuchten Stadthofsaal sein 28. Jahreskonzert mit klassischen, volkst\u00fcmlichen und auch rockigen Kl\u00e4ngen. Ruedi Wachter wurde zum Rockmusiker mit gr\u00fcnen Haaren.<\/p>\n<p>GISELA TOBLER<\/p>\n<p>RORSCHACH. Durch das <a href=\"https:\/\/aorh.ch\/wp-content\/uploads\/2015\/08\/programmjk2011.pdf\">Programm<\/a> f\u00fchrte das bew\u00e4hrte Moderatoren-Duo Stefan Grab und Sonja Sch\u00e4lin. Das heisst, Sonja Sch\u00e4lin war verhindert, weshalb kurzfristig Frau B\u00fcnzli einspringen musste, eine aktive Frauenrechtlerin, mit der Stefan Grab seine liebe M\u00fche hatte. Ihr verbaler Schlagabtausch war bissig, witzig und auch unterhaltsam. Zum Spass gesellte sich die Freude, als das Akkordeon-Orchester unter der Leitung von Ruedi Wachter das Jahreskonzert 2011 mit der klassischen Ouverture in C-Dur von Rudolf W\u00fcrthner er\u00f6ffnete und mit dem luftig leichten Rondo Romantica fortsetzte.<\/p>\n<p>Junge haben&#8217;s echt drauf<\/p>\n<p>Danach durfte das Jugend-Akkordeon-Ensemble zeigen, dass sie&#8217;s \u00abecht drauf haben\u00bb, wie es Stefan Grab treffend formulierte. Nach den sanften Kl\u00e4ngen von Amelie liessen sie es mit Smoke on the Water so richtig krachen. Um diesen Deep-Purple-Song m\u00f6glichst stilecht zu dirigieren, liess sich Ruedi Wachter vom Moderator \u00fcberreden, seinen eleganten Anzug gegen eine zerschlissene Jeansjacke auszutauschen und sich eine grasgr\u00fcne Per\u00fccke aufzusetzen.<\/p>\n<p>Kein Mangel an Nachwuchs<\/p>\n<p>Ohrenschmaus und Augenweide zugleich waren die Schwyzer\u00f6rgelifr\u00fcnde Rorschach. Dreissig Buben, M\u00e4dchen, M\u00e4nner und Frauen \u2013 die Musikantinnen waren, zur Freude von Frau B\u00fcnzli, in der \u00dcberzahl \u2013 boten nicht nur ein gefreutes Bild, sondern sorgten mit dem l\u00fcpfigen Fr\u00e4nzeli-Schottisch, I de Sch\u00f6llene und Ruedi Wachters Schottisch-Eigenkomposition f\u00fcr herrlich gute Laune, so dass man am liebsten das Tanzbein geschwungen h\u00e4tte. Der Fall ist klar: Das Schwyzer\u00f6rgeli hat Zukunft, und Nachwuchs ist zahlreich vorhanden. Nach der Pause, die wie gewohnt im Zeichen der Tombola von Evelyne Cecchetto und ihrem Team stand, beeindruckte das Akkordeon-Duo Wachter-Rutz mit Jacqueline Schmidig am Piano und Annemarie Knechtle am Kontrabass mit Volksmusik auf h\u00f6chstem Niveau.<\/p>\n<p>H\u00f6chstes Niveau<\/p>\n<p>Schon beim Csardas liessen sie ihre Finger in atemberaubendem Tempo \u00fcber Tasten, Kn\u00f6pfe und Saiten gleiten. Dann folgte eine Trilogie von Eigenkompositionen, wobei abwechselnd jedes Instrument die F\u00fchrung \u00fcbernahm und optimal zur Geltung kam.<\/p>\n<p>F\u00fcr den letzten Teil des Jahreskonzertes geh\u00f6rte die B\u00fchne wieder dem Akkordeon-Orchester, das beim Blick vom Rorschacherberg, komponiert von Heidi Wachter, von Alphornbl\u00e4serin Rahel Nett begleitet wurde. Nach dem Medley Elton John in Concert stand Leonhard Cohens Halleluja mit Gesangseinlage von Stefan Grab auf dem Programm sowie Udo J\u00fcrgens&#8216; Ich war noch niemals in New York. Zum Abschied erklang Ruedi Wachters Eigenkomposition Happy Time, doch auf den Heimweg machte sich das begeisterte Publikum erst nach den lautstark geforderten Zugaben.<\/p>\n<p><a href=\"https:\/\/aorh.ch\/wp-content\/uploads\/2013\/11\/jk1102.jpg\"><img loading=\"lazy\" decoding=\"async\" class=\"aligncenter size-full wp-image-281\" src=\"https:\/\/aorh.ch\/wp-content\/uploads\/2013\/11\/jk1102.jpg\" alt=\"jk1102\" width=\"640\" height=\"480\" srcset=\"https:\/\/aorh.ch\/wp-content\/uploads\/2013\/11\/jk1102.jpg 640w, https:\/\/aorh.ch\/wp-content\/uploads\/2013\/11\/jk1102-300x225.jpg 300w\" sizes=\"auto, (max-width: 640px) 100vw, 640px\" \/><\/a><\/p>\n<p><a href=\"https:\/\/aorh.ch\/wp-content\/uploads\/2013\/11\/jk1103.jpg\"><img loading=\"lazy\" decoding=\"async\" class=\"aligncenter size-full wp-image-282\" src=\"https:\/\/aorh.ch\/wp-content\/uploads\/2013\/11\/jk1103.jpg\" alt=\"jk1103\" width=\"640\" height=\"480\" srcset=\"https:\/\/aorh.ch\/wp-content\/uploads\/2013\/11\/jk1103.jpg 640w, https:\/\/aorh.ch\/wp-content\/uploads\/2013\/11\/jk1103-300x225.jpg 300w\" sizes=\"auto, (max-width: 640px) 100vw, 640px\" \/><\/a><\/p>\n<p><a href=\"https:\/\/aorh.ch\/wp-content\/uploads\/2013\/11\/jk1104.jpg\"><img loading=\"lazy\" decoding=\"async\" class=\"aligncenter size-full wp-image-283\" src=\"https:\/\/aorh.ch\/wp-content\/uploads\/2013\/11\/jk1104.jpg\" alt=\"jk1104\" width=\"640\" height=\"480\" srcset=\"https:\/\/aorh.ch\/wp-content\/uploads\/2013\/11\/jk1104.jpg 640w, https:\/\/aorh.ch\/wp-content\/uploads\/2013\/11\/jk1104-300x225.jpg 300w\" sizes=\"auto, (max-width: 640px) 100vw, 640px\" \/><\/a><\/p>\n<p><a href=\"https:\/\/aorh.ch\/wp-content\/uploads\/2013\/11\/jk1105.jpg\"><img loading=\"lazy\" decoding=\"async\" class=\"aligncenter size-full wp-image-284\" src=\"https:\/\/aorh.ch\/wp-content\/uploads\/2013\/11\/jk1105.jpg\" alt=\"jk1105\" width=\"360\" height=\"480\" srcset=\"https:\/\/aorh.ch\/wp-content\/uploads\/2013\/11\/jk1105.jpg 360w, https:\/\/aorh.ch\/wp-content\/uploads\/2013\/11\/jk1105-225x300.jpg 225w\" sizes=\"auto, (max-width: 360px) 100vw, 360px\" \/><\/a><\/p>\n<p><a href=\"https:\/\/aorh.ch\/wp-content\/uploads\/2013\/11\/jk1106.jpg\"><img loading=\"lazy\" decoding=\"async\" class=\"aligncenter size-full wp-image-285\" src=\"https:\/\/aorh.ch\/wp-content\/uploads\/2013\/11\/jk1106.jpg\" alt=\"jk1106\" width=\"360\" height=\"480\" srcset=\"https:\/\/aorh.ch\/wp-content\/uploads\/2013\/11\/jk1106.jpg 360w, https:\/\/aorh.ch\/wp-content\/uploads\/2013\/11\/jk1106-225x300.jpg 225w\" sizes=\"auto, (max-width: 360px) 100vw, 360px\" \/><\/a><\/p>\n<p><a href=\"https:\/\/aorh.ch\/wp-content\/uploads\/2013\/11\/jk1107.jpg\"><img loading=\"lazy\" decoding=\"async\" class=\"aligncenter size-full wp-image-286\" src=\"https:\/\/aorh.ch\/wp-content\/uploads\/2013\/11\/jk1107.jpg\" alt=\"jk1107\" width=\"640\" height=\"480\" srcset=\"https:\/\/aorh.ch\/wp-content\/uploads\/2013\/11\/jk1107.jpg 640w, https:\/\/aorh.ch\/wp-content\/uploads\/2013\/11\/jk1107-300x225.jpg 300w\" sizes=\"auto, (max-width: 640px) 100vw, 640px\" \/><\/a><\/p>\n<p><a href=\"https:\/\/aorh.ch\/wp-content\/uploads\/2013\/11\/jk1108.jpg\"><img loading=\"lazy\" decoding=\"async\" class=\"aligncenter size-full wp-image-287\" src=\"https:\/\/aorh.ch\/wp-content\/uploads\/2013\/11\/jk1108.jpg\" alt=\"jk1108\" width=\"640\" height=\"480\" srcset=\"https:\/\/aorh.ch\/wp-content\/uploads\/2013\/11\/jk1108.jpg 640w, https:\/\/aorh.ch\/wp-content\/uploads\/2013\/11\/jk1108-300x225.jpg 300w\" sizes=\"auto, (max-width: 640px) 100vw, 640px\" \/><\/a><a href=\"https:\/\/aorh.ch\/wp-content\/uploads\/2013\/11\/jk1109.jpg\"><img loading=\"lazy\" decoding=\"async\" class=\"aligncenter size-full wp-image-288\" src=\"https:\/\/aorh.ch\/wp-content\/uploads\/2013\/11\/jk1109.jpg\" alt=\"jk1109\" width=\"640\" height=\"480\" srcset=\"https:\/\/aorh.ch\/wp-content\/uploads\/2013\/11\/jk1109.jpg 640w, https:\/\/aorh.ch\/wp-content\/uploads\/2013\/11\/jk1109-300x225.jpg 300w\" sizes=\"auto, (max-width: 640px) 100vw, 640px\" \/><\/a><\/p>\n<p>&nbsp;<\/p>\n<p><a href=\"https:\/\/aorh.ch\/wp-content\/uploads\/2013\/11\/jk1110.jpg\"><img loading=\"lazy\" decoding=\"async\" class=\"aligncenter size-full wp-image-289\" src=\"https:\/\/aorh.ch\/wp-content\/uploads\/2013\/11\/jk1110.jpg\" alt=\"jk1110\" width=\"360\" height=\"480\" srcset=\"https:\/\/aorh.ch\/wp-content\/uploads\/2013\/11\/jk1110.jpg 360w, https:\/\/aorh.ch\/wp-content\/uploads\/2013\/11\/jk1110-225x300.jpg 225w\" sizes=\"auto, (max-width: 360px) 100vw, 360px\" \/><\/a><\/p>\n<p><a href=\"https:\/\/aorh.ch\/wp-content\/uploads\/2013\/11\/jk1111.jpg\"><img loading=\"lazy\" decoding=\"async\" class=\"aligncenter size-full wp-image-290\" src=\"https:\/\/aorh.ch\/wp-content\/uploads\/2013\/11\/jk1111.jpg\" alt=\"jk1111\" width=\"360\" height=\"480\" srcset=\"https:\/\/aorh.ch\/wp-content\/uploads\/2013\/11\/jk1111.jpg 360w, https:\/\/aorh.ch\/wp-content\/uploads\/2013\/11\/jk1111-225x300.jpg 225w\" sizes=\"auto, (max-width: 360px) 100vw, 360px\" \/><\/a><\/p>\n<p><a href=\"https:\/\/aorh.ch\/wp-content\/uploads\/2013\/11\/jk1112.jpg\"><img loading=\"lazy\" decoding=\"async\" class=\"aligncenter size-full wp-image-291\" src=\"https:\/\/aorh.ch\/wp-content\/uploads\/2013\/11\/jk1112.jpg\" alt=\"jk1112\" width=\"360\" height=\"480\" srcset=\"https:\/\/aorh.ch\/wp-content\/uploads\/2013\/11\/jk1112.jpg 360w, https:\/\/aorh.ch\/wp-content\/uploads\/2013\/11\/jk1112-225x300.jpg 225w\" sizes=\"auto, (max-width: 360px) 100vw, 360px\" \/><\/a><\/p>\n<p><a href=\"https:\/\/aorh.ch\/wp-content\/uploads\/2013\/11\/jk1113.jpg\"><img loading=\"lazy\" decoding=\"async\" class=\"aligncenter size-full wp-image-292\" src=\"https:\/\/aorh.ch\/wp-content\/uploads\/2013\/11\/jk1113.jpg\" alt=\"jk1113\" width=\"640\" height=\"480\" srcset=\"https:\/\/aorh.ch\/wp-content\/uploads\/2013\/11\/jk1113.jpg 640w, https:\/\/aorh.ch\/wp-content\/uploads\/2013\/11\/jk1113-300x225.jpg 300w\" sizes=\"auto, (max-width: 640px) 100vw, 640px\" \/><\/a><\/p>\n<p>&nbsp;<\/p>\n<p>&nbsp;<\/p>\n","protected":false},"excerpt":{"rendered":"<p>Tagblatt Online, 29. November 2011 01:04:01 Deep Purple auf der Handorgel Ohrenschmaus und Augenweide: Die Schwyzer\u00f6rgelifr\u00fcnde Rorschach beim Jahreskonzert. (Bild: Gisela Tobler) Das Akkordeon-Orchester Rorschach pr\u00e4sentierte im gut besuchten Stadthofsaal sein 28. Jahreskonzert mit klassischen, volkst\u00fcmlichen und auch rockigen Kl\u00e4ngen. Ruedi Wachter wurde zum Rockmusiker mit gr\u00fcnen Haaren. GISELA TOBLER RORSCHACH. Durch das Programm f\u00fchrte&hellip; <a class=\"more-link\" href=\"https:\/\/aorh.ch\/?page_id=782\"><span class=\"screen-reader-text\">R\u00fcckblick Jahreskonzert 2011<\/span> weiterlesen<\/a><\/p>\n","protected":false},"author":1,"featured_media":0,"parent":122,"menu_order":6,"comment_status":"closed","ping_status":"closed","template":"","meta":{"footnotes":""},"class_list":["post-782","page","type-page","status-publish","hentry","entry"],"_links":{"self":[{"href":"https:\/\/aorh.ch\/index.php?rest_route=\/wp\/v2\/pages\/782","targetHints":{"allow":["GET"]}}],"collection":[{"href":"https:\/\/aorh.ch\/index.php?rest_route=\/wp\/v2\/pages"}],"about":[{"href":"https:\/\/aorh.ch\/index.php?rest_route=\/wp\/v2\/types\/page"}],"author":[{"embeddable":true,"href":"https:\/\/aorh.ch\/index.php?rest_route=\/wp\/v2\/users\/1"}],"replies":[{"embeddable":true,"href":"https:\/\/aorh.ch\/index.php?rest_route=%2Fwp%2Fv2%2Fcomments&post=782"}],"version-history":[{"count":5,"href":"https:\/\/aorh.ch\/index.php?rest_route=\/wp\/v2\/pages\/782\/revisions"}],"predecessor-version":[{"id":784,"href":"https:\/\/aorh.ch\/index.php?rest_route=\/wp\/v2\/pages\/782\/revisions\/784"}],"up":[{"embeddable":true,"href":"https:\/\/aorh.ch\/index.php?rest_route=\/wp\/v2\/pages\/122"}],"wp:attachment":[{"href":"https:\/\/aorh.ch\/index.php?rest_route=%2Fwp%2Fv2%2Fmedia&parent=782"}],"curies":[{"name":"wp","href":"https:\/\/api.w.org\/{rel}","templated":true}]}}