{"id":803,"date":"2015-04-22T18:32:34","date_gmt":"2015-04-22T16:32:34","guid":{"rendered":"http:\/\/aor.bplaced.net\/wp\/?page_id=803"},"modified":"2015-08-21T22:36:38","modified_gmt":"2015-08-21T20:36:38","slug":"rueckblick-jahreskonzert-2009","status":"publish","type":"page","link":"https:\/\/aorh.ch\/?page_id=803","title":{"rendered":"R\u00fcckblick Jahreskonzert 2009"},"content":{"rendered":"<p>Zeitungsbericht im St. Galler Tagblatt, 1. Dezember 2009<\/p>\n<p>Fest der Schweizer Volksmusik<\/p>\n<p>Das Akkordeonorchester und seine G\u00e4ste interpretierten am 26. Jahreskonzert im Stadthofsaal viele prominente Musikschaffende aus dem eigenen Land.<\/p>\n<p>PETER BEERLI<\/p>\n<p>Rorschach. Auch ein Jahr nach dem grossen Jubil\u00e4um hat das Akkordeonorchester mit seinen verschiedenen Ensembles, die alle unter der Leitung von Ruedi Wachter stehen, nichts von seiner Bedeutung verloren. Das Jahreskonzert im gutbesetzten Stadthofsaal ging am vergangenen Sonntag unter dem Motto \u00abSchwiizer Hits\u00bb \u00fcber die B\u00fchne. Werke von Peter Reber und Polo Hofer und andern Musikstars pr\u00e4gten das Fest der Schweizer Volksmusik.<\/p>\n<p>Die Jugend musizierte<\/p>\n<p>Zu Beginn erinnerte das Jugend-Akkordeonensemble der Musikschulen Rorschach-Rorschacherberg und Goldach in einem von Heidi Wachter arrangierten Medley mit \u00abHemmige\u00bb, \u00abEskimo\u00bb, \u00abDr Ferdinand isch gstorbe\u00bb und \u00abDr Sidi Abdel Asar\u00bb an den unvergessenen Liedermacher Mani Matter. Die Freude, welche von den jungen Musikantinnen und Musikanten ausgestrahlt wurde, l\u00e4sst auch f\u00fcr die weitere Zukunft des Akkordeonorchesters hoffen. Mit Peter Rebers \u00abE Vogel ohni Fl\u00fcgel\u00bb, dem durch das Hazy-Osterwald-Sextett bekannt gemachten \u00abKriminaltango\u00bb und Polo Hofers \u00abAlperose\u00bb ging das Konzert der Jungen ebenso gef\u00e4llig weiter.<\/p>\n<p>Als eine grosse, aus jungen und \u00e4lteren Musikantinnen und Musikanten zusammengesetzte Gruppe erwiesen sich die Schwyzer\u00f6rgelifr\u00fcnde. Sie hatten sich mit Christian Hartmanns \u00abs B\u00fcndner Meiteli\u00bb und \u00abIm \u00d6rgelihus\u00bb des Glarner Komponisten Ernst Jakob auf den Schottisch spezialisiert. Im Mittelpunkt ihres Auftrittes aber stand das ber\u00fchmte Ruedi-Rymann-Lied \u00abDr Schacher Seppli\u00bb. Erst letzte Woche war Ruedi Wachter eingefallen, den jungen Andreas Linder aus Untereggen das Lied \u00f6ffentlich singen zu lassen. Dieser machte seine Sache sehr gut und erhielt f\u00fcr seinen Part viel verdienten Applaus. Auch im weiteren Verlauf des Konzert-Nachmittages wurde dem Lied die Ehre gegeben: Pr\u00e4sident Sergio Zulian liess in einem Trio-Eugster-Potpourri seine Stimme erschallen und Stefan Grab war in der Schlussnummer \u00abEwigi Li\u00e4bi\u00bb singend zu h\u00f6ren. Zusammen mit Sonja Sch\u00e4lin hatte er mit vielen Bildern und Witz durchs Programm gef\u00fchrt.<\/p>\n<p>Familie Weiler als Gast<\/p>\n<p>Als Gastgruppe bereicherte dieses Jahr die Familienkapelle Weiler aus Rorschacherberg das Programm. Die Mutter, zwei S\u00f6hne und zwei T\u00f6chter spielten mit Klavier, Akkordeon, Geige, Bassgeige und Hackbrett zwei St\u00fccke und Vater Weiler intonierte sp\u00e4ter am Elektronium das Alphorn in Peter Rebers \u00abSwiss Lady\u00bb.<\/p>\n<p>Mit zwei S\u00e4tzen aus Gioacchino Rossinis \u00abWilhelm Tell\u00bb und \u00abLook to the Stars\u00bb aus Harry Sch\u00e4rers Musical \u00abSpace Dream\u00bb hatte sich das Akkordeonorchester f\u00fcr anspruchsvolle Musik entschieden. Es folgten Polo Hofer, Chris von Rohr, Peter Reber , das Trio Eugster , und mit \u00abEwigi Li\u00e4bi\u00bb klang ein Konzert aus, das vom Anfang bis zum Schluss zu begeistern vermochte.<\/p>\n<p><a href=\"https:\/\/aorh.ch\/wp-content\/uploads\/2015\/08\/programmjk2009.pdf\">Programm<\/a><\/p>\n<p><a href=\"https:\/\/aorh.ch\/wp-content\/uploads\/2013\/11\/jk0901.jpg\"><img loading=\"lazy\" decoding=\"async\" class=\"aligncenter size-full wp-image-254\" src=\"https:\/\/aorh.ch\/wp-content\/uploads\/2013\/11\/jk0901.jpg\" alt=\"jk0901\" width=\"942\" height=\"532\" srcset=\"https:\/\/aorh.ch\/wp-content\/uploads\/2013\/11\/jk0901.jpg 942w, https:\/\/aorh.ch\/wp-content\/uploads\/2013\/11\/jk0901-300x169.jpg 300w\" sizes=\"auto, (max-width: 942px) 100vw, 942px\" \/><\/a> <a href=\"https:\/\/aorh.ch\/wp-content\/uploads\/2013\/11\/jk0902.jpg\"><img loading=\"lazy\" decoding=\"async\" class=\"aligncenter size-full wp-image-255\" src=\"https:\/\/aorh.ch\/wp-content\/uploads\/2013\/11\/jk0902.jpg\" alt=\"jk0902\" width=\"1279\" height=\"718\" srcset=\"https:\/\/aorh.ch\/wp-content\/uploads\/2013\/11\/jk0902.jpg 1279w, https:\/\/aorh.ch\/wp-content\/uploads\/2013\/11\/jk0902-300x168.jpg 300w, https:\/\/aorh.ch\/wp-content\/uploads\/2013\/11\/jk0902-1024x574.jpg 1024w\" sizes=\"auto, (max-width: 1279px) 100vw, 1279px\" \/><\/a> <a href=\"https:\/\/aorh.ch\/wp-content\/uploads\/2013\/11\/jk0903.jpg\"><img loading=\"lazy\" decoding=\"async\" class=\"aligncenter size-full wp-image-256\" src=\"https:\/\/aorh.ch\/wp-content\/uploads\/2013\/11\/jk0903.jpg\" alt=\"jk0903\" width=\"944\" height=\"523\" srcset=\"https:\/\/aorh.ch\/wp-content\/uploads\/2013\/11\/jk0903.jpg 944w, https:\/\/aorh.ch\/wp-content\/uploads\/2013\/11\/jk0903-300x166.jpg 300w\" sizes=\"auto, (max-width: 944px) 100vw, 944px\" \/><\/a> <a href=\"https:\/\/aorh.ch\/wp-content\/uploads\/2013\/11\/jk0904.jpg\"><img loading=\"lazy\" decoding=\"async\" class=\"aligncenter size-full wp-image-257\" src=\"https:\/\/aorh.ch\/wp-content\/uploads\/2013\/11\/jk0904.jpg\" alt=\"jk0904\" width=\"943\" height=\"526\" srcset=\"https:\/\/aorh.ch\/wp-content\/uploads\/2013\/11\/jk0904.jpg 943w, https:\/\/aorh.ch\/wp-content\/uploads\/2013\/11\/jk0904-300x167.jpg 300w\" sizes=\"auto, (max-width: 943px) 100vw, 943px\" \/><\/a> <a href=\"https:\/\/aorh.ch\/wp-content\/uploads\/2013\/11\/jk0905.jpg\"><img loading=\"lazy\" decoding=\"async\" class=\"aligncenter size-full wp-image-258\" src=\"https:\/\/aorh.ch\/wp-content\/uploads\/2013\/11\/jk0905.jpg\" alt=\"jk0905\" width=\"937\" height=\"521\" srcset=\"https:\/\/aorh.ch\/wp-content\/uploads\/2013\/11\/jk0905.jpg 937w, https:\/\/aorh.ch\/wp-content\/uploads\/2013\/11\/jk0905-300x166.jpg 300w\" sizes=\"auto, (max-width: 937px) 100vw, 937px\" \/><\/a> <a href=\"https:\/\/aorh.ch\/wp-content\/uploads\/2013\/11\/jk0906.jpg\"><img loading=\"lazy\" decoding=\"async\" class=\"aligncenter size-full wp-image-259\" src=\"https:\/\/aorh.ch\/wp-content\/uploads\/2013\/11\/jk0906.jpg\" alt=\"jk0906\" width=\"800\" height=\"529\" srcset=\"https:\/\/aorh.ch\/wp-content\/uploads\/2013\/11\/jk0906.jpg 800w, https:\/\/aorh.ch\/wp-content\/uploads\/2013\/11\/jk0906-300x198.jpg 300w\" sizes=\"auto, (max-width: 800px) 100vw, 800px\" \/><\/a> <a href=\"https:\/\/aorh.ch\/wp-content\/uploads\/2013\/11\/jk0907.jpg\"><img loading=\"lazy\" decoding=\"async\" class=\"aligncenter size-full wp-image-260\" src=\"https:\/\/aorh.ch\/wp-content\/uploads\/2013\/11\/jk0907.jpg\" alt=\"jk0907\" width=\"942\" height=\"526\" srcset=\"https:\/\/aorh.ch\/wp-content\/uploads\/2013\/11\/jk0907.jpg 942w, https:\/\/aorh.ch\/wp-content\/uploads\/2013\/11\/jk0907-300x167.jpg 300w\" sizes=\"auto, (max-width: 942px) 100vw, 942px\" \/><\/a> <a href=\"https:\/\/aorh.ch\/wp-content\/uploads\/2013\/11\/jk0908.jpg\"><img loading=\"lazy\" decoding=\"async\" class=\"aligncenter size-full wp-image-261\" src=\"https:\/\/aorh.ch\/wp-content\/uploads\/2013\/11\/jk0908.jpg\" alt=\"jk0908\" width=\"773\" height=\"530\" srcset=\"https:\/\/aorh.ch\/wp-content\/uploads\/2013\/11\/jk0908.jpg 773w, https:\/\/aorh.ch\/wp-content\/uploads\/2013\/11\/jk0908-300x205.jpg 300w\" sizes=\"auto, (max-width: 773px) 100vw, 773px\" \/><\/a> <a href=\"https:\/\/aorh.ch\/wp-content\/uploads\/2013\/11\/jk0909.jpg\"><img loading=\"lazy\" decoding=\"async\" class=\"aligncenter size-full wp-image-262\" src=\"https:\/\/aorh.ch\/wp-content\/uploads\/2013\/11\/jk0909.jpg\" alt=\"jk0909\" width=\"901\" height=\"525\" srcset=\"https:\/\/aorh.ch\/wp-content\/uploads\/2013\/11\/jk0909.jpg 901w, https:\/\/aorh.ch\/wp-content\/uploads\/2013\/11\/jk0909-300x174.jpg 300w\" sizes=\"auto, (max-width: 901px) 100vw, 901px\" \/><\/a> <a href=\"https:\/\/aorh.ch\/wp-content\/uploads\/2013\/11\/jk0910.jpg\"><img loading=\"lazy\" decoding=\"async\" class=\"aligncenter size-full wp-image-263\" src=\"https:\/\/aorh.ch\/wp-content\/uploads\/2013\/11\/jk0910.jpg\" alt=\"jk0910\" width=\"931\" height=\"527\" srcset=\"https:\/\/aorh.ch\/wp-content\/uploads\/2013\/11\/jk0910.jpg 931w, https:\/\/aorh.ch\/wp-content\/uploads\/2013\/11\/jk0910-300x169.jpg 300w\" sizes=\"auto, (max-width: 931px) 100vw, 931px\" \/><\/a> <a href=\"https:\/\/aorh.ch\/wp-content\/uploads\/2013\/11\/jk0911.jpg\"><img loading=\"lazy\" decoding=\"async\" class=\"aligncenter size-full wp-image-264\" src=\"https:\/\/aorh.ch\/wp-content\/uploads\/2013\/11\/jk0911.jpg\" alt=\"jk0911\" width=\"918\" height=\"526\" srcset=\"https:\/\/aorh.ch\/wp-content\/uploads\/2013\/11\/jk0911.jpg 918w, https:\/\/aorh.ch\/wp-content\/uploads\/2013\/11\/jk0911-300x171.jpg 300w\" sizes=\"auto, (max-width: 918px) 100vw, 918px\" \/><\/a> <a href=\"https:\/\/aorh.ch\/wp-content\/uploads\/2013\/11\/jk0912.jpg\"><img loading=\"lazy\" decoding=\"async\" class=\"aligncenter size-full wp-image-265\" src=\"https:\/\/aorh.ch\/wp-content\/uploads\/2013\/11\/jk0912.jpg\" alt=\"jk0912\" width=\"926\" height=\"527\" srcset=\"https:\/\/aorh.ch\/wp-content\/uploads\/2013\/11\/jk0912.jpg 926w, https:\/\/aorh.ch\/wp-content\/uploads\/2013\/11\/jk0912-300x170.jpg 300w\" sizes=\"auto, (max-width: 926px) 100vw, 926px\" \/><\/a> <a href=\"https:\/\/aorh.ch\/wp-content\/uploads\/2013\/11\/jk0913.jpg\"><img loading=\"lazy\" decoding=\"async\" class=\"aligncenter size-full wp-image-266\" src=\"https:\/\/aorh.ch\/wp-content\/uploads\/2013\/11\/jk0913.jpg\" alt=\"jk0913\" width=\"901\" height=\"530\" srcset=\"https:\/\/aorh.ch\/wp-content\/uploads\/2013\/11\/jk0913.jpg 901w, https:\/\/aorh.ch\/wp-content\/uploads\/2013\/11\/jk0913-300x176.jpg 300w\" sizes=\"auto, (max-width: 901px) 100vw, 901px\" \/><\/a><\/p>\n","protected":false},"excerpt":{"rendered":"<p>Zeitungsbericht im St. Galler Tagblatt, 1. Dezember 2009 Fest der Schweizer Volksmusik Das Akkordeonorchester und seine G\u00e4ste interpretierten am 26. Jahreskonzert im Stadthofsaal viele prominente Musikschaffende aus dem eigenen Land. PETER BEERLI Rorschach. Auch ein Jahr nach dem grossen Jubil\u00e4um hat das Akkordeonorchester mit seinen verschiedenen Ensembles, die alle unter der Leitung von Ruedi Wachter&hellip; <a class=\"more-link\" href=\"https:\/\/aorh.ch\/?page_id=803\"><span class=\"screen-reader-text\">R\u00fcckblick Jahreskonzert 2009<\/span> weiterlesen<\/a><\/p>\n","protected":false},"author":1,"featured_media":0,"parent":122,"menu_order":9,"comment_status":"closed","ping_status":"closed","template":"","meta":{"footnotes":""},"class_list":["post-803","page","type-page","status-publish","hentry","entry"],"_links":{"self":[{"href":"https:\/\/aorh.ch\/index.php?rest_route=\/wp\/v2\/pages\/803","targetHints":{"allow":["GET"]}}],"collection":[{"href":"https:\/\/aorh.ch\/index.php?rest_route=\/wp\/v2\/pages"}],"about":[{"href":"https:\/\/aorh.ch\/index.php?rest_route=\/wp\/v2\/types\/page"}],"author":[{"embeddable":true,"href":"https:\/\/aorh.ch\/index.php?rest_route=\/wp\/v2\/users\/1"}],"replies":[{"embeddable":true,"href":"https:\/\/aorh.ch\/index.php?rest_route=%2Fwp%2Fv2%2Fcomments&post=803"}],"version-history":[{"count":3,"href":"https:\/\/aorh.ch\/index.php?rest_route=\/wp\/v2\/pages\/803\/revisions"}],"predecessor-version":[{"id":805,"href":"https:\/\/aorh.ch\/index.php?rest_route=\/wp\/v2\/pages\/803\/revisions\/805"}],"up":[{"embeddable":true,"href":"https:\/\/aorh.ch\/index.php?rest_route=\/wp\/v2\/pages\/122"}],"wp:attachment":[{"href":"https:\/\/aorh.ch\/index.php?rest_route=%2Fwp%2Fv2%2Fmedia&parent=803"}],"curies":[{"name":"wp","href":"https:\/\/api.w.org\/{rel}","templated":true}]}}

Rückblick Jahreskonzert 2009

<p>Zeitungsbericht im St. Galler Tagblatt, 1. Dezember 2009</p>
<p>Fest der Schweizer Volksmusik</p>
<p>Das Akkordeonorchester und seine Gäste interpretierten am 26. Jahreskonzert im Stadthofsaal viele prominente Musikschaffende aus dem eigenen Land.</p>
<p>PETER BEERLI</p>
<p>Rorschach. Auch ein Jahr nach dem grossen Jubiläum hat das Akkordeonorchester mit seinen verschiedenen Ensembles, die alle unter der Leitung von Ruedi Wachter stehen, nichts von seiner Bedeutung verloren. Das Jahreskonzert im gutbesetzten Stadthofsaal ging am vergangenen Sonntag unter dem Motto «Schwiizer Hits» über die Bühne. Werke von Peter Reber und Polo Hofer und andern Musikstars prägten das Fest der Schweizer Volksmusik.</p>
<p>Die Jugend musizierte</p>
<p>Zu Beginn erinnerte das Jugend-Akkordeonensemble der Musikschulen Rorschach-Rorschacherberg und Goldach in einem von Heidi Wachter arrangierten Medley mit «Hemmige», «Eskimo», «Dr Ferdinand isch gstorbe» und «Dr Sidi Abdel Asar» an den unvergessenen Liedermacher Mani Matter. Die Freude, welche von den jungen Musikantinnen und Musikanten ausgestrahlt wurde, lässt auch für die weitere Zukunft des Akkordeonorchesters hoffen. Mit Peter Rebers «E Vogel ohni Flügel», dem durch das Hazy-Osterwald-Sextett bekannt gemachten «Kriminaltango» und Polo Hofers «Alperose» ging das Konzert der Jungen ebenso gefällig weiter.</p>
<p>Als eine grosse, aus jungen und älteren Musikantinnen und Musikanten zusammengesetzte Gruppe erwiesen sich die Schwyzerörgelifründe. Sie hatten sich mit Christian Hartmanns «s Bündner Meiteli» und «Im Örgelihus» des Glarner Komponisten Ernst Jakob auf den Schottisch spezialisiert. Im Mittelpunkt ihres Auftrittes aber stand das berühmte Ruedi-Rymann-Lied «Dr Schacher Seppli». Erst letzte Woche war Ruedi Wachter eingefallen, den jungen Andreas Linder aus Untereggen das Lied öffentlich singen zu lassen. Dieser machte seine Sache sehr gut und erhielt für seinen Part viel verdienten Applaus. Auch im weiteren Verlauf des Konzert-Nachmittages wurde dem Lied die Ehre gegeben: Präsident Sergio Zulian liess in einem Trio-Eugster-Potpourri seine Stimme erschallen und Stefan Grab war in der Schlussnummer «Ewigi Liäbi» singend zu hören. Zusammen mit Sonja Schälin hatte er mit vielen Bildern und Witz durchs Programm geführt.</p>
<p>Familie Weiler als Gast</p>
<p>Als Gastgruppe bereicherte dieses Jahr die Familienkapelle Weiler aus Rorschacherberg das Programm. Die Mutter, zwei Söhne und zwei Töchter spielten mit Klavier, Akkordeon, Geige, Bassgeige und Hackbrett zwei Stücke und Vater Weiler intonierte später am Elektronium das Alphorn in Peter Rebers «Swiss Lady».</p>
<p>Mit zwei Sätzen aus Gioacchino Rossinis «Wilhelm Tell» und «Look to the Stars» aus Harry Schärers Musical «Space Dream» hatte sich das Akkordeonorchester für anspruchsvolle Musik entschieden. Es folgten Polo Hofer, Chris von Rohr, Peter Reber , das Trio Eugster , und mit «Ewigi Liäbi» klang ein Konzert aus, das vom Anfang bis zum Schluss zu begeistern vermochte.</p>
<p><a href="https://aorh.ch/wp-content/uploads/2015/08/programmjk2009.pdf">Programm</a></p>
<p><a href="https://aorh.ch/wp-content/uploads/2013/11/jk0901.jpg"><img loading="lazy" decoding="async" class="aligncenter size-full wp-image-254" src="https://aorh.ch/wp-content/uploads/2013/11/jk0901.jpg" alt="jk0901" width="942" height="532" srcset="https://aorh.ch/wp-content/uploads/2013/11/jk0901.jpg 942w, https://aorh.ch/wp-content/uploads/2013/11/jk0901-300x169.jpg 300w" sizes="auto, (max-width: 942px) 100vw, 942px" /></a> <a href="https://aorh.ch/wp-content/uploads/2013/11/jk0902.jpg"><img loading="lazy" decoding="async" class="aligncenter size-full wp-image-255" src="https://aorh.ch/wp-content/uploads/2013/11/jk0902.jpg" alt="jk0902" width="1279" height="718" srcset="https://aorh.ch/wp-content/uploads/2013/11/jk0902.jpg 1279w, https://aorh.ch/wp-content/uploads/2013/11/jk0902-300x168.jpg 300w, https://aorh.ch/wp-content/uploads/2013/11/jk0902-1024x574.jpg 1024w" sizes="auto, (max-width: 1279px) 100vw, 1279px" /></a> <a href="https://aorh.ch/wp-content/uploads/2013/11/jk0903.jpg"><img loading="lazy" decoding="async" class="aligncenter size-full wp-image-256" src="https://aorh.ch/wp-content/uploads/2013/11/jk0903.jpg" alt="jk0903" width="944" height="523" srcset="https://aorh.ch/wp-content/uploads/2013/11/jk0903.jpg 944w, https://aorh.ch/wp-content/uploads/2013/11/jk0903-300x166.jpg 300w" sizes="auto, (max-width: 944px) 100vw, 944px" /></a> <a href="https://aorh.ch/wp-content/uploads/2013/11/jk0904.jpg"><img loading="lazy" decoding="async" class="aligncenter size-full wp-image-257" src="https://aorh.ch/wp-content/uploads/2013/11/jk0904.jpg" alt="jk0904" width="943" height="526" srcset="https://aorh.ch/wp-content/uploads/2013/11/jk0904.jpg 943w, https://aorh.ch/wp-content/uploads/2013/11/jk0904-300x167.jpg 300w" sizes="auto, (max-width: 943px) 100vw, 943px" /></a> <a href="https://aorh.ch/wp-content/uploads/2013/11/jk0905.jpg"><img loading="lazy" decoding="async" class="aligncenter size-full wp-image-258" src="https://aorh.ch/wp-content/uploads/2013/11/jk0905.jpg" alt="jk0905" width="937" height="521" srcset="https://aorh.ch/wp-content/uploads/2013/11/jk0905.jpg 937w, https://aorh.ch/wp-content/uploads/2013/11/jk0905-300x166.jpg 300w" sizes="auto, (max-width: 937px) 100vw, 937px" /></a> <a href="https://aorh.ch/wp-content/uploads/2013/11/jk0906.jpg"><img loading="lazy" decoding="async" class="aligncenter size-full wp-image-259" src="https://aorh.ch/wp-content/uploads/2013/11/jk0906.jpg" alt="jk0906" width="800" height="529" srcset="https://aorh.ch/wp-content/uploads/2013/11/jk0906.jpg 800w, https://aorh.ch/wp-content/uploads/2013/11/jk0906-300x198.jpg 300w" sizes="auto, (max-width: 800px) 100vw, 800px" /></a> <a href="https://aorh.ch/wp-content/uploads/2013/11/jk0907.jpg"><img loading="lazy" decoding="async" class="aligncenter size-full wp-image-260" src="https://aorh.ch/wp-content/uploads/2013/11/jk0907.jpg" alt="jk0907" width="942" height="526" srcset="https://aorh.ch/wp-content/uploads/2013/11/jk0907.jpg 942w, https://aorh.ch/wp-content/uploads/2013/11/jk0907-300x167.jpg 300w" sizes="auto, (max-width: 942px) 100vw, 942px" /></a> <a href="https://aorh.ch/wp-content/uploads/2013/11/jk0908.jpg"><img loading="lazy" decoding="async" class="aligncenter size-full wp-image-261" src="https://aorh.ch/wp-content/uploads/2013/11/jk0908.jpg" alt="jk0908" width="773" height="530" srcset="https://aorh.ch/wp-content/uploads/2013/11/jk0908.jpg 773w, https://aorh.ch/wp-content/uploads/2013/11/jk0908-300x205.jpg 300w" sizes="auto, (max-width: 773px) 100vw, 773px" /></a> <a href="https://aorh.ch/wp-content/uploads/2013/11/jk0909.jpg"><img loading="lazy" decoding="async" class="aligncenter size-full wp-image-262" src="https://aorh.ch/wp-content/uploads/2013/11/jk0909.jpg" alt="jk0909" width="901" height="525" srcset="https://aorh.ch/wp-content/uploads/2013/11/jk0909.jpg 901w, https://aorh.ch/wp-content/uploads/2013/11/jk0909-300x174.jpg 300w" sizes="auto, (max-width: 901px) 100vw, 901px" /></a> <a href="https://aorh.ch/wp-content/uploads/2013/11/jk0910.jpg"><img loading="lazy" decoding="async" class="aligncenter size-full wp-image-263" src="https://aorh.ch/wp-content/uploads/2013/11/jk0910.jpg" alt="jk0910" width="931" height="527" srcset="https://aorh.ch/wp-content/uploads/2013/11/jk0910.jpg 931w, https://aorh.ch/wp-content/uploads/2013/11/jk0910-300x169.jpg 300w" sizes="auto, (max-width: 931px) 100vw, 931px" /></a> <a href="https://aorh.ch/wp-content/uploads/2013/11/jk0911.jpg"><img loading="lazy" decoding="async" class="aligncenter size-full wp-image-264" src="https://aorh.ch/wp-content/uploads/2013/11/jk0911.jpg" alt="jk0911" width="918" height="526" srcset="https://aorh.ch/wp-content/uploads/2013/11/jk0911.jpg 918w, https://aorh.ch/wp-content/uploads/2013/11/jk0911-300x171.jpg 300w" sizes="auto, (max-width: 918px) 100vw, 918px" /></a> <a href="https://aorh.ch/wp-content/uploads/2013/11/jk0912.jpg"><img loading="lazy" decoding="async" class="aligncenter size-full wp-image-265" src="https://aorh.ch/wp-content/uploads/2013/11/jk0912.jpg" alt="jk0912" width="926" height="527" srcset="https://aorh.ch/wp-content/uploads/2013/11/jk0912.jpg 926w, https://aorh.ch/wp-content/uploads/2013/11/jk0912-300x170.jpg 300w" sizes="auto, (max-width: 926px) 100vw, 926px" /></a> <a href="https://aorh.ch/wp-content/uploads/2013/11/jk0913.jpg"><img loading="lazy" decoding="async" class="aligncenter size-full wp-image-266" src="https://aorh.ch/wp-content/uploads/2013/11/jk0913.jpg" alt="jk0913" width="901" height="530" srcset="https://aorh.ch/wp-content/uploads/2013/11/jk0913.jpg 901w, https://aorh.ch/wp-content/uploads/2013/11/jk0913-300x176.jpg 300w" sizes="auto, (max-width: 901px) 100vw, 901px" /></a></p>

<p>Zeitungsbericht im St. Galler Tagblatt, 1. Dezember 2009 Fest der Schweizer Volksmusik Das Akkordeonorchester und seine Gäste interpretierten am 26. Jahreskonzert im Stadthofsaal viele prominente Musikschaffende aus dem eigenen Land. PETER BEERLI Rorschach. Auch ein Jahr nach dem grossen Jubiläum hat das Akkordeonorchester mit seinen verschiedenen Ensembles, die alle unter der Leitung von Ruedi Wachter&hellip; <a class="more-link" href="https://aorh.ch/?page_id=803"><span class="screen-reader-text">Rückblick Jahreskonzert 2009</span> weiterlesen</a></p>
