{"id":811,"date":"2015-04-22T19:23:46","date_gmt":"2015-04-22T17:23:46","guid":{"rendered":"http:\/\/aor.bplaced.net\/wp\/?page_id=811"},"modified":"2015-08-21T22:35:10","modified_gmt":"2015-08-21T20:35:10","slug":"rueckblick-jahreskonzert-2008","status":"publish","type":"page","link":"https:\/\/aorh.ch\/?page_id=811","title":{"rendered":"R\u00fcckblick Jahreskonzert 2008"},"content":{"rendered":"<p>Zeitungsbericht im St.Galler Tagblatt vom 20. November 2008<\/p>\n<p>Vor 25 Jahren begann eine Welle der Begeisterung f\u00fcr das Akkordeon<\/p>\n<p>Das Akkordeonorchester Rorschach feiert am 23. November im Stadthofsaal sein 25j\u00e4hriges Bestehen.<\/p>\n<p>RORSCHACH. Auf den 23. November l\u00e4dt das Akkordeonorchester Rorschach zum Jahres- und Jubil\u00e4umskonzert in den Stadthofsaal ein. Gefeiert wird das 25j\u00e4hrige Bestehen des Orchesters.<br \/>\nPeter Beerli<\/p>\n<p>Mit der 1980 erfolgten Er\u00f6ffnung der Musikschule Wachter-Rutz gaben Heidi und Ruedi Wachter dem Akkordeon-Spiel in der Region neue Impulse. Eine eigentliche Welle der Begeisterung an der Handorgel begann, die bis heute anh\u00e4lt. Daraus entstand 1983 das Akkordeonorchester Rorschach (AOR). Heute freuen sich dort \u00fcber 30 Mitglieder, von der Klassik \u00fcber die Volksmusik und Tangos bis zur Popmusik all die vielen Stilrichtungen, welche mit dem Akkordeon gespielt werden k\u00f6nnen, zu pflegen. Sie f\u00fcllen jedes Jahr mit einem vielseitigen Konzert den Stadthofsaal, treten in Altersheimen und an Gottesdiensten auf.<br \/>\nWie zu alten Zeiten<\/p>\n<p>Schon fr\u00fcher war Rorschach eine der Hochburgen des Akkordeon-Spiels gewesen. 1926 hatten begeisterte Musikanten den Handharmonikaclub Rorschach gegr\u00fcndet. Dieser erlebte unter der musikalischen Leitung von Jacques Huber in den 50er-Jahren seinen gr\u00f6ssten Aufschwung. Er z\u00e4hlte \u00fcber f\u00fcnfzig Aktiv- und dreimal so viele Passivmitglieder. Man musizierte fast ausschliesslich auf diatonischen Handharmonikas. In den 60er-Jahren liess das Interesse am Handorgel-Spiel nach. Das f\u00fchrte zur Aufgabe der Konzertt\u00e4tigkeit.<\/p>\n<p>Unter Wachters Leitung<\/p>\n<p>1983 gr\u00fcndeten dann dreizehn Akkordeonspieler aus der Musikschule Rorschach das Akkordeonorchester Rorschach. Erich Bollhalder wurde erster Pr\u00e4sident. Neun Jahre sp\u00e4ter l\u00f6ste ihn Sergio Zulian ab. Die musikalische Leitung \u00fcbernahm Heidi Wachter-Rutz. Sie \u00fcbergab 1985 den Dirigentenstab ihrem Ehemann Ruedi, der ihn noch heute f\u00fchrt.<\/p>\n<p>Viele Highlights folgten<\/p>\n<p>Die Tatsache, dass der Verein 1984 in den Ostschweizerischen Handharmonika-Musikverband aufgenommen wurde, machte es m\u00f6glich, an Musikfesten teilzunehmen. 1986 schon erzielte das Orchester am Verbandsfest in Berg TG die h\u00f6chste Auszeichnung \u00abvorz\u00fcglich\u00bb. 1987 durfte es sich in \u00abOisi Musig\u00bb bei Wysel Gyr erstmals im Schweizer Fernsehen zeigen. Weitere Auftritte und Auszeichnungen folgten im Laufe der Jahre, sei es an Festen in Stadt und Region, kantonalen oder gesamtschweizerischen Musiktreffen. Auf Vereinsreisen, etwa ins Zillertal, an den Lago Maggiore oder ins Gonzenbergwerk, wurde das gesellschaftliche Leben gepflegt.<\/p>\n<p><a href=\"https:\/\/aorh.ch\/wp-content\/uploads\/2015\/08\/programmjk2008.pdf\">Programm<\/a><\/p>\n<p><a href=\"https:\/\/aorh.ch\/wp-content\/uploads\/2013\/11\/jk0810.jpg\"><img loading=\"lazy\" decoding=\"async\" class=\"aligncenter size-full wp-image-247\" src=\"https:\/\/aorh.ch\/wp-content\/uploads\/2013\/11\/jk0810.jpg\" alt=\"SANYO DIGITAL CAMERA\" width=\"638\" height=\"478\" srcset=\"https:\/\/aorh.ch\/wp-content\/uploads\/2013\/11\/jk0810.jpg 638w, https:\/\/aorh.ch\/wp-content\/uploads\/2013\/11\/jk0810-300x224.jpg 300w\" sizes=\"auto, (max-width: 638px) 100vw, 638px\" \/><\/a><\/p>\n<p>Zeitungsbericht im St.Galler Tagblatt vom 24. November 2008<br \/>\nAkkordeonorchester jubilierte<br \/>\nAm Jubil\u00e4umskonzert spielten die Musikanten des Akkordeonorchesters traditionelle und neuzeitliche Kompositionen.<br \/>\nRORSCHACH. Gut dreissig Musikantinnen und Musikanten und ihre G\u00e4ste begeisterten am Jahreskonzert mit traditionellen und modernen Kompositionen und blickten auf 25 Jahre Vereinsgeschichte zur\u00fcck.<br \/>\nPETER BEERLI<br \/>\nAm Jubil\u00e4umskonzert des Akkordeonorchesters zeigten die Musikantinnen und Musikanten unter Leitung von Ruedi Wachter mit traditionellen und neuzeitlichen Kompositionen, was mit dem Akkordeon alles gespielt werden kann.<\/p>\n<p>Erst zwei Pr\u00e4sidenten<\/p>\n<p>Im Stadthofsaal hatte auch Erich Bollhalder, der Gr\u00fcndungspr\u00e4sident Platz genommen. Sein Nachfolger Sergio Zulian amtiert noch aktiv und spielte im Orchester fleissig mit. Dieses erinnerte zu Beginn mit \u00abMisteriosa Venezia\u00bb von Mathias Henneke an Anl\u00e4sse, welches es zusammen mit dem Corale Santa C\u00e4cilia gefeiert hat. Mit \u00abLibertango\u00bb folgte eine der besten Kompositionen von Astor Piazzolla. J\u00f6rg Draegers \u00abRussische Phantasie\u00bb hatte das Orchester am Musikfest in Luzern gespielt und damit Note \u00abvorz\u00fcglich\u00bb geholt.<\/p>\n<p>Nachwuchsf\u00f6rderung<\/p>\n<p>Heidi Wachter hatte bei der Gr\u00fcndung den Dirigentenstab \u00fcbernommen und diesen 1985 ihrem Gatten Ruedi weitergegeben. Das Ehepaar setzt sich auch sehr f\u00fcr die F\u00f6rderung des Nachwuchses ein. Ein Zeichen dieses erfolgreichen Tuns gab das Jugend-Ensemble der Musikschulen Rorschach-Rorschacherberg und Goldach zusammen mit den erfahrenen Orchestermitgliedern mit drei sauber gespielten St\u00fccken, deren zwei Ruedi Wachter geschrieben hatte. Die Schwyzer\u00f6rgelifr\u00fcnde halfen mit einem Z\u00e4uerli und einem Walzer mit, und Heidi Wachters \u00abEs Ch\u00e4ferf\u00e4scht\u00bb erinnerte an manchen geselligen Anlass. Auch Jenni und Donat Piras, welche als \u00abUrchig high\u00bb mit Bassgeige und Akkordeon auftraten, sind unter den Rorschacher Akkordeonisten gross geworden. Mit drei anspruchsvollen Werken beschloss das Orchester das festliche Konzert. Ein Fr\u00fcchtekorb f\u00fcr Heidi und Ruedi Wachter und Rosen f\u00fcr die Musikantinnen und Musikanten bildeten Zeichen der gegenseitigen Dankbarkeit, bevor ein Lieder-Potpourri das Konzert beschloss. Ein Lob ging auch an Evelyne Cecchetto, welche seit zehn Jahren die Tombola gestaltet.<\/p>\n<p>H\u00f6hepunkte der Geschichte<\/p>\n<p>Einmal mehr hatten Sonja Z\u00fcrcher und Stefan Grab, welcher in \u00abTake me home Country Roads auch als begabter S\u00e4nger auffiel, mit viel Humor durch das Programm gef\u00fchrt. Auf der Grossleinwand wurden in den Umbauphasen Bilder und TV-Ausschnitte von den zahlreichen H\u00f6hepunkten der 25j\u00e4hrigen Vereinsgeschichte gezeigt.<\/p>\n<p><a href=\"https:\/\/aorh.ch\/wp-content\/uploads\/2013\/11\/jk0816.jpg\"><img loading=\"lazy\" decoding=\"async\" class=\"aligncenter size-full wp-image-253\" src=\"https:\/\/aorh.ch\/wp-content\/uploads\/2013\/11\/jk0816.jpg\" alt=\"SANYO DIGITAL CAMERA\" width=\"638\" height=\"478\" srcset=\"https:\/\/aorh.ch\/wp-content\/uploads\/2013\/11\/jk0816.jpg 638w, https:\/\/aorh.ch\/wp-content\/uploads\/2013\/11\/jk0816-300x224.jpg 300w\" sizes=\"auto, (max-width: 638px) 100vw, 638px\" \/><\/a><\/p>\n<p><a href=\"https:\/\/aorh.ch\/wp-content\/uploads\/2013\/11\/jk0811.jpg\"><img loading=\"lazy\" decoding=\"async\" class=\"aligncenter size-full wp-image-248\" src=\"https:\/\/aorh.ch\/wp-content\/uploads\/2013\/11\/jk0811.jpg\" alt=\"SANYO DIGITAL CAMERA\" width=\"478\" height=\"638\" srcset=\"https:\/\/aorh.ch\/wp-content\/uploads\/2013\/11\/jk0811.jpg 478w, https:\/\/aorh.ch\/wp-content\/uploads\/2013\/11\/jk0811-224x300.jpg 224w\" sizes=\"auto, (max-width: 478px) 100vw, 478px\" \/><\/a><\/p>\n<p><a href=\"https:\/\/aorh.ch\/wp-content\/uploads\/2013\/11\/jk0812.jpg\"><img loading=\"lazy\" decoding=\"async\" class=\"aligncenter size-full wp-image-249\" src=\"https:\/\/aorh.ch\/wp-content\/uploads\/2013\/11\/jk0812.jpg\" alt=\"SANYO DIGITAL CAMERA\" width=\"478\" height=\"638\" srcset=\"https:\/\/aorh.ch\/wp-content\/uploads\/2013\/11\/jk0812.jpg 478w, https:\/\/aorh.ch\/wp-content\/uploads\/2013\/11\/jk0812-224x300.jpg 224w\" sizes=\"auto, (max-width: 478px) 100vw, 478px\" \/><\/a><\/p>\n<p><a href=\"https:\/\/aorh.ch\/wp-content\/uploads\/2013\/11\/jk0813.jpg\"><img loading=\"lazy\" decoding=\"async\" class=\"aligncenter size-full wp-image-250\" src=\"https:\/\/aorh.ch\/wp-content\/uploads\/2013\/11\/jk0813.jpg\" alt=\"SANYO DIGITAL CAMERA\" width=\"638\" height=\"478\" srcset=\"https:\/\/aorh.ch\/wp-content\/uploads\/2013\/11\/jk0813.jpg 638w, https:\/\/aorh.ch\/wp-content\/uploads\/2013\/11\/jk0813-300x224.jpg 300w\" sizes=\"auto, (max-width: 638px) 100vw, 638px\" \/><\/a><\/p>\n<p><a href=\"https:\/\/aorh.ch\/wp-content\/uploads\/2013\/11\/jk0814.jpg\"><img loading=\"lazy\" decoding=\"async\" class=\"aligncenter size-full wp-image-251\" src=\"https:\/\/aorh.ch\/wp-content\/uploads\/2013\/11\/jk0814.jpg\" alt=\"SANYO DIGITAL CAMERA\" width=\"638\" height=\"478\" srcset=\"https:\/\/aorh.ch\/wp-content\/uploads\/2013\/11\/jk0814.jpg 638w, https:\/\/aorh.ch\/wp-content\/uploads\/2013\/11\/jk0814-300x224.jpg 300w\" sizes=\"auto, (max-width: 638px) 100vw, 638px\" \/><\/a><\/p>\n<p><a href=\"https:\/\/aorh.ch\/wp-content\/uploads\/2013\/11\/jk0815.jpg\"><img loading=\"lazy\" decoding=\"async\" class=\"aligncenter size-full wp-image-252\" src=\"https:\/\/aorh.ch\/wp-content\/uploads\/2013\/11\/jk0815.jpg\" alt=\"SANYO DIGITAL CAMERA\" width=\"638\" height=\"478\" srcset=\"https:\/\/aorh.ch\/wp-content\/uploads\/2013\/11\/jk0815.jpg 638w, https:\/\/aorh.ch\/wp-content\/uploads\/2013\/11\/jk0815-300x224.jpg 300w\" sizes=\"auto, (max-width: 638px) 100vw, 638px\" \/><\/a><\/p>\n","protected":false},"excerpt":{"rendered":"<p>Zeitungsbericht im St.Galler Tagblatt vom 20. November 2008 Vor 25 Jahren begann eine Welle der Begeisterung f\u00fcr das Akkordeon Das Akkordeonorchester Rorschach feiert am 23. November im Stadthofsaal sein 25j\u00e4hriges Bestehen. RORSCHACH. Auf den 23. November l\u00e4dt das Akkordeonorchester Rorschach zum Jahres- und Jubil\u00e4umskonzert in den Stadthofsaal ein. Gefeiert wird das 25j\u00e4hrige Bestehen des Orchesters.&hellip; <a class=\"more-link\" href=\"https:\/\/aorh.ch\/?page_id=811\"><span class=\"screen-reader-text\">R\u00fcckblick Jahreskonzert 2008<\/span> weiterlesen<\/a><\/p>\n","protected":false},"author":1,"featured_media":0,"parent":122,"menu_order":11,"comment_status":"closed","ping_status":"closed","template":"","meta":{"footnotes":""},"class_list":["post-811","page","type-page","status-publish","hentry","entry"],"_links":{"self":[{"href":"https:\/\/aorh.ch\/index.php?rest_route=\/wp\/v2\/pages\/811","targetHints":{"allow":["GET"]}}],"collection":[{"href":"https:\/\/aorh.ch\/index.php?rest_route=\/wp\/v2\/pages"}],"about":[{"href":"https:\/\/aorh.ch\/index.php?rest_route=\/wp\/v2\/types\/page"}],"author":[{"embeddable":true,"href":"https:\/\/aorh.ch\/index.php?rest_route=\/wp\/v2\/users\/1"}],"replies":[{"embeddable":true,"href":"https:\/\/aorh.ch\/index.php?rest_route=%2Fwp%2Fv2%2Fcomments&post=811"}],"version-history":[{"count":6,"href":"https:\/\/aorh.ch\/index.php?rest_route=\/wp\/v2\/pages\/811\/revisions"}],"predecessor-version":[{"id":830,"href":"https:\/\/aorh.ch\/index.php?rest_route=\/wp\/v2\/pages\/811\/revisions\/830"}],"up":[{"embeddable":true,"href":"https:\/\/aorh.ch\/index.php?rest_route=\/wp\/v2\/pages\/122"}],"wp:attachment":[{"href":"https:\/\/aorh.ch\/index.php?rest_route=%2Fwp%2Fv2%2Fmedia&parent=811"}],"curies":[{"name":"wp","href":"https:\/\/api.w.org\/{rel}","templated":true}]}}