{"id":832,"date":"2015-04-22T19:46:03","date_gmt":"2015-04-22T17:46:03","guid":{"rendered":"http:\/\/aor.bplaced.net\/wp\/?page_id=832"},"modified":"2015-08-21T22:34:15","modified_gmt":"2015-08-21T20:34:15","slug":"rueckblick-jahreskonzert-2007","status":"publish","type":"page","link":"https:\/\/aorh.ch\/?page_id=832","title":{"rendered":"R\u00fcckblick Jahreskonzert 2007"},"content":{"rendered":"<p>St. Galler Tagblatt vom 27. November 2007:<\/p>\n<p>Gute Musik mit Humor verbunden<br \/>\nVollbesetzter Stadthofsaal beim Jahreskonzert des Akkordeonorchesters<\/p>\n<p>Rorschach. Hochstehende Musik und humoristische Einlagen liessen das Jahreskonzert des Akkordeonorchesters Rorschach wieder zu einem Stelldichein von Musikfreunden aus der ganzen Region werden.<\/p>\n<p>Peter Beerli<\/p>\n<p>Eine ganze Serie von neuen und bekannten Musikst\u00fccken zeigte an, dass sich das Akkordeonorchester, das n\u00e4chstes Jahr sein 25-Jahr-Jubil\u00e4um feiern kann, seinen Ruf einer auf hohem Niveau stehenden Gruppe bewahrt hat. Daf\u00fcr sorgt auch Dirigent Ruedi Wachter, dessen Familie sich im Orchester selbst und in den verschiedenen weiteren Ensembles engagiert. Tochter Jacqueline Wachter beispielsweise hatte mit \u00abL\u00e4besf\u00fc\u00fcr\u00bb ein eigenes Werk geschaffen, das sehr gut in die Reihe der Musik von Stefan Nilsson und Matthias Hennecke passte.<br \/>\nAkkordeonisten-Familie<\/p>\n<p>Sp\u00e4ter eroberte sich das Orchester auch mit Ausschnitten aus Andrew Lloyd Webers Musical \u00abCats\u00bb, mit \u00abGente di mare\u00bb und mit einer wundersch\u00f6nen Hommage an Elvis Presley begeisterten Applaus des Publikums. Bei den letzten beiden St\u00fccken erwiesen sich Giovanna Di Salvo, Sergio Zullian und Stefan Grab als Meister des Gesangs.<\/p>\n<p>Der erste Teil des Nachmittags geh\u00f6rte dem neunk\u00f6pfigen Jugend-Akkordeon-Ensemble und den vielen Schwyzer\u00f6rgeli-Fr\u00fcnde. Die allerersten T\u00f6ne des Jahreskonzerts 2007 aber entlockte Philippe Weiler seinem Hackbrett. Der junge Solist, der auch mit einem Z\u00e4uerli aufwartete, geh\u00f6rt einer Akkordeonisten-Familie an: Seine Schwester Dominique spielt im Jugend-Ensemble und seine Eltern wirken im Akkordeon-Orchester mit.<\/p>\n<p>Anton Karas \u00abThe Harry Lime Time\u00bb, gespielt vom Jugend-Ensemble, erinnerte an \u00abDer dritte Mann\u00bb, den grossen Film \u00fcber Wien nach dem Krieg. Als Symbol f\u00fcr \u00abBonanza\u00bb von Ray Evans hatte sich Stefan Grab, der zusammen mit Sonja Z\u00fcrcher mit viel Witz durch das Programm f\u00fchrte, einen Western-Hut aufgesetzt.<\/p>\n<p>Sehr gross ist die Zahl der Rorschacher Schwyzer\u00f6rgeli-Fr\u00fcnde, bei denen Heidi Wachter die Bassgeige und Ruedi Wachter eines der \u00d6rgeli spielt. Der Auftritt dieser Gruppe wurde wie gewohnt ein gutes Beispiel daf\u00fcr, dass Musik alle Generationen zu vereinen vermag. Jung und Alt spielte da einmal mehr engagiert und vergn\u00fcgt zusammen.<br \/>\n\u00abSternecheibe\u00bb bedankten sich<\/p>\n<p>Im Teil der Schwyzer\u00f6rgeli-Fr\u00fcnde gaben Jenny und Donat Piras, Stefan M\u00fcller und Martin Straub als \u00abSternecheibe\u00bb eine gelungene Einlage. Die vier Freunde hatten als Sieger des schweizerischen Jungmusikanten-Wettbewerbs 2007 einen Kristall gewonnen und bedankten sich nun f\u00fcr das Engagement von Ruedi und Heidi Wachter auf dem Weg zu diesem Erfolg.<\/p>\n<p>Copyright \u00a9 St.Galler Tagblatt<\/p>\n<p><a href=\"https:\/\/aorh.ch\/wp-content\/uploads\/2015\/08\/programmjk2007.pdf\">Programm<\/a><\/p>\n<p><a href=\"https:\/\/aorh.ch\/wp-content\/uploads\/2013\/11\/ansage.jpg\"><img loading=\"lazy\" decoding=\"async\" class=\"aligncenter size-full wp-image-175\" src=\"https:\/\/aorh.ch\/wp-content\/uploads\/2013\/11\/ansage.jpg\" alt=\"ansage\" width=\"800\" height=\"792\" srcset=\"https:\/\/aorh.ch\/wp-content\/uploads\/2013\/11\/ansage.jpg 800w, https:\/\/aorh.ch\/wp-content\/uploads\/2013\/11\/ansage-150x150.jpg 150w, https:\/\/aorh.ch\/wp-content\/uploads\/2013\/11\/ansage-300x297.jpg 300w\" sizes=\"auto, (max-width: 800px) 100vw, 800px\" \/><\/a><a href=\"https:\/\/aorh.ch\/wp-content\/uploads\/2013\/11\/jk0710.jpg\"><img loading=\"lazy\" decoding=\"async\" class=\"aligncenter size-full wp-image-237\" src=\"https:\/\/aorh.ch\/wp-content\/uploads\/2013\/11\/jk0710.jpg\" alt=\"jk0710\" width=\"640\" height=\"480\" srcset=\"https:\/\/aorh.ch\/wp-content\/uploads\/2013\/11\/jk0710.jpg 640w, https:\/\/aorh.ch\/wp-content\/uploads\/2013\/11\/jk0710-300x225.jpg 300w\" sizes=\"auto, (max-width: 640px) 100vw, 640px\" \/><\/a> <a href=\"https:\/\/aorh.ch\/wp-content\/uploads\/2013\/11\/jk0711.jpg\"><img loading=\"lazy\" decoding=\"async\" class=\"aligncenter size-full wp-image-238\" src=\"https:\/\/aorh.ch\/wp-content\/uploads\/2013\/11\/jk0711.jpg\" alt=\"jk0711\" width=\"640\" height=\"480\" srcset=\"https:\/\/aorh.ch\/wp-content\/uploads\/2013\/11\/jk0711.jpg 640w, https:\/\/aorh.ch\/wp-content\/uploads\/2013\/11\/jk0711-300x225.jpg 300w\" sizes=\"auto, (max-width: 640px) 100vw, 640px\" \/><\/a> <a href=\"https:\/\/aorh.ch\/wp-content\/uploads\/2013\/11\/jk0712.jpg\"><img loading=\"lazy\" decoding=\"async\" class=\"aligncenter size-full wp-image-239\" src=\"https:\/\/aorh.ch\/wp-content\/uploads\/2013\/11\/jk0712.jpg\" alt=\"jk0712\" width=\"480\" height=\"640\" srcset=\"https:\/\/aorh.ch\/wp-content\/uploads\/2013\/11\/jk0712.jpg 480w, https:\/\/aorh.ch\/wp-content\/uploads\/2013\/11\/jk0712-225x300.jpg 225w\" sizes=\"auto, (max-width: 480px) 100vw, 480px\" \/><\/a> <a href=\"https:\/\/aorh.ch\/wp-content\/uploads\/2013\/11\/jk0713.jpg\"><img loading=\"lazy\" decoding=\"async\" class=\"aligncenter size-full wp-image-240\" src=\"https:\/\/aorh.ch\/wp-content\/uploads\/2013\/11\/jk0713.jpg\" alt=\"jk0713\" width=\"480\" height=\"640\" srcset=\"https:\/\/aorh.ch\/wp-content\/uploads\/2013\/11\/jk0713.jpg 480w, https:\/\/aorh.ch\/wp-content\/uploads\/2013\/11\/jk0713-225x300.jpg 225w\" sizes=\"auto, (max-width: 480px) 100vw, 480px\" \/><\/a> <a href=\"https:\/\/aorh.ch\/wp-content\/uploads\/2013\/11\/jk0714.jpg\"><img loading=\"lazy\" decoding=\"async\" class=\"aligncenter size-full wp-image-241\" src=\"https:\/\/aorh.ch\/wp-content\/uploads\/2013\/11\/jk0714.jpg\" alt=\"jk0714\" width=\"480\" height=\"640\" srcset=\"https:\/\/aorh.ch\/wp-content\/uploads\/2013\/11\/jk0714.jpg 480w, https:\/\/aorh.ch\/wp-content\/uploads\/2013\/11\/jk0714-225x300.jpg 225w\" sizes=\"auto, (max-width: 480px) 100vw, 480px\" \/><\/a> <a href=\"https:\/\/aorh.ch\/wp-content\/uploads\/2013\/11\/jk0715.jpg\"><img loading=\"lazy\" decoding=\"async\" class=\"aligncenter size-full wp-image-242\" src=\"https:\/\/aorh.ch\/wp-content\/uploads\/2013\/11\/jk0715.jpg\" alt=\"jk0715\" width=\"480\" height=\"640\" srcset=\"https:\/\/aorh.ch\/wp-content\/uploads\/2013\/11\/jk0715.jpg 480w, https:\/\/aorh.ch\/wp-content\/uploads\/2013\/11\/jk0715-225x300.jpg 225w\" sizes=\"auto, (max-width: 480px) 100vw, 480px\" \/><\/a> <a href=\"https:\/\/aorh.ch\/wp-content\/uploads\/2013\/11\/jk0716.jpg\"><img loading=\"lazy\" decoding=\"async\" class=\"aligncenter size-full wp-image-243\" src=\"https:\/\/aorh.ch\/wp-content\/uploads\/2013\/11\/jk0716.jpg\" alt=\"jk0716\" width=\"477\" height=\"497\" srcset=\"https:\/\/aorh.ch\/wp-content\/uploads\/2013\/11\/jk0716.jpg 477w, https:\/\/aorh.ch\/wp-content\/uploads\/2013\/11\/jk0716-287x300.jpg 287w\" sizes=\"auto, (max-width: 477px) 100vw, 477px\" \/><\/a> <a href=\"https:\/\/aorh.ch\/wp-content\/uploads\/2013\/11\/jk0717.jpg\"><img loading=\"lazy\" decoding=\"async\" class=\"aligncenter size-full wp-image-244\" src=\"https:\/\/aorh.ch\/wp-content\/uploads\/2013\/11\/jk0717.jpg\" alt=\"jk0717\" width=\"640\" height=\"480\" srcset=\"https:\/\/aorh.ch\/wp-content\/uploads\/2013\/11\/jk0717.jpg 640w, https:\/\/aorh.ch\/wp-content\/uploads\/2013\/11\/jk0717-300x225.jpg 300w\" sizes=\"auto, (max-width: 640px) 100vw, 640px\" \/><\/a> <a href=\"https:\/\/aorh.ch\/wp-content\/uploads\/2013\/11\/jk0718.jpg\"><img loading=\"lazy\" decoding=\"async\" class=\"aligncenter size-full wp-image-245\" src=\"https:\/\/aorh.ch\/wp-content\/uploads\/2013\/11\/jk0718.jpg\" alt=\"jk0718\" width=\"640\" height=\"480\" srcset=\"https:\/\/aorh.ch\/wp-content\/uploads\/2013\/11\/jk0718.jpg 640w, https:\/\/aorh.ch\/wp-content\/uploads\/2013\/11\/jk0718-300x225.jpg 300w\" sizes=\"auto, (max-width: 640px) 100vw, 640px\" \/><\/a> <a href=\"https:\/\/aorh.ch\/wp-content\/uploads\/2013\/11\/jk0719.jpg\"><img loading=\"lazy\" decoding=\"async\" class=\"aligncenter size-full wp-image-246\" src=\"https:\/\/aorh.ch\/wp-content\/uploads\/2013\/11\/jk0719.jpg\" alt=\"jk0719\" width=\"480\" height=\"640\" srcset=\"https:\/\/aorh.ch\/wp-content\/uploads\/2013\/11\/jk0719.jpg 480w, https:\/\/aorh.ch\/wp-content\/uploads\/2013\/11\/jk0719-225x300.jpg 225w\" sizes=\"auto, (max-width: 480px) 100vw, 480px\" \/><\/a><a href=\"https:\/\/aorh.ch\/wp-content\/uploads\/2013\/11\/junioren2.jpg\"><img loading=\"lazy\" decoding=\"async\" class=\"aligncenter size-full wp-image-323\" src=\"https:\/\/aorh.ch\/wp-content\/uploads\/2013\/11\/junioren2.jpg\" alt=\"junioren2\" width=\"800\" height=\"399\" srcset=\"https:\/\/aorh.ch\/wp-content\/uploads\/2013\/11\/junioren2.jpg 800w, https:\/\/aorh.ch\/wp-content\/uploads\/2013\/11\/junioren2-300x149.jpg 300w\" sizes=\"auto, (max-width: 800px) 100vw, 800px\" \/><\/a><a href=\"https:\/\/aorh.ch\/wp-content\/uploads\/2013\/11\/schwyzeroergeli4.jpg\"><img loading=\"lazy\" decoding=\"async\" class=\"aligncenter size-full wp-image-382\" src=\"https:\/\/aorh.ch\/wp-content\/uploads\/2013\/11\/schwyzeroergeli4.jpg\" alt=\"schwyzeroergeli4\" width=\"800\" height=\"300\" srcset=\"https:\/\/aorh.ch\/wp-content\/uploads\/2013\/11\/schwyzeroergeli4.jpg 800w, https:\/\/aorh.ch\/wp-content\/uploads\/2013\/11\/schwyzeroergeli4-300x112.jpg 300w\" sizes=\"auto, (max-width: 800px) 100vw, 800px\" \/><\/a><a href=\"https:\/\/aorh.ch\/wp-content\/uploads\/2013\/11\/sternecheibe.jpg\"><img loading=\"lazy\" decoding=\"async\" class=\"aligncenter size-full wp-image-387\" src=\"https:\/\/aorh.ch\/wp-content\/uploads\/2013\/11\/sternecheibe.jpg\" alt=\"sternecheibe\" width=\"800\" height=\"513\" srcset=\"https:\/\/aorh.ch\/wp-content\/uploads\/2013\/11\/sternecheibe.jpg 800w, https:\/\/aorh.ch\/wp-content\/uploads\/2013\/11\/sternecheibe-300x192.jpg 300w\" sizes=\"auto, (max-width: 800px) 100vw, 800px\" \/><\/a><a href=\"https:\/\/aorh.ch\/wp-content\/uploads\/2013\/11\/aor4.jpg\"><img loading=\"lazy\" decoding=\"async\" class=\"aligncenter size-full wp-image-179\" src=\"https:\/\/aorh.ch\/wp-content\/uploads\/2013\/11\/aor4.jpg\" alt=\"aor4\" width=\"800\" height=\"602\" srcset=\"https:\/\/aorh.ch\/wp-content\/uploads\/2013\/11\/aor4.jpg 800w, https:\/\/aorh.ch\/wp-content\/uploads\/2013\/11\/aor4-300x225.jpg 300w\" sizes=\"auto, (max-width: 800px) 100vw, 800px\" \/><\/a><a href=\"https:\/\/aorh.ch\/wp-content\/uploads\/2013\/11\/aor5.jpg\"><img loading=\"lazy\" decoding=\"async\" class=\"aligncenter size-full wp-image-180\" src=\"https:\/\/aorh.ch\/wp-content\/uploads\/2013\/11\/aor5.jpg\" alt=\"aor5\" width=\"800\" height=\"322\" srcset=\"https:\/\/aorh.ch\/wp-content\/uploads\/2013\/11\/aor5.jpg 800w, https:\/\/aorh.ch\/wp-content\/uploads\/2013\/11\/aor5-300x120.jpg 300w\" sizes=\"auto, (max-width: 800px) 100vw, 800px\" \/><\/a><a href=\"https:\/\/aorh.ch\/wp-content\/uploads\/2013\/11\/stefan.jpg\"><img loading=\"lazy\" decoding=\"async\" class=\"aligncenter size-full wp-image-386\" src=\"https:\/\/aorh.ch\/wp-content\/uploads\/2013\/11\/stefan.jpg\" alt=\"stefan\" width=\"800\" height=\"479\" srcset=\"https:\/\/aorh.ch\/wp-content\/uploads\/2013\/11\/stefan.jpg 800w, https:\/\/aorh.ch\/wp-content\/uploads\/2013\/11\/stefan-300x179.jpg 300w\" sizes=\"auto, (max-width: 800px) 100vw, 800px\" \/><\/a><\/p>\n","protected":false},"excerpt":{"rendered":"<p>St. Galler Tagblatt vom 27. November 2007: Gute Musik mit Humor verbunden Vollbesetzter Stadthofsaal beim Jahreskonzert des Akkordeonorchesters Rorschach. Hochstehende Musik und humoristische Einlagen liessen das Jahreskonzert des Akkordeonorchesters Rorschach wieder zu einem Stelldichein von Musikfreunden aus der ganzen Region werden. Peter Beerli Eine ganze Serie von neuen und bekannten Musikst\u00fccken zeigte an, dass sich&hellip; <a class=\"more-link\" href=\"https:\/\/aorh.ch\/?page_id=832\"><span class=\"screen-reader-text\">R\u00fcckblick Jahreskonzert 2007<\/span> weiterlesen<\/a><\/p>\n","protected":false},"author":1,"featured_media":0,"parent":122,"menu_order":12,"comment_status":"closed","ping_status":"closed","template":"","meta":{"footnotes":""},"class_list":["post-832","page","type-page","status-publish","hentry","entry"],"_links":{"self":[{"href":"https:\/\/aorh.ch\/index.php?rest_route=\/wp\/v2\/pages\/832","targetHints":{"allow":["GET"]}}],"collection":[{"href":"https:\/\/aorh.ch\/index.php?rest_route=\/wp\/v2\/pages"}],"about":[{"href":"https:\/\/aorh.ch\/index.php?rest_route=\/wp\/v2\/types\/page"}],"author":[{"embeddable":true,"href":"https:\/\/aorh.ch\/index.php?rest_route=\/wp\/v2\/users\/1"}],"replies":[{"embeddable":true,"href":"https:\/\/aorh.ch\/index.php?rest_route=%2Fwp%2Fv2%2Fcomments&post=832"}],"version-history":[{"count":5,"href":"https:\/\/aorh.ch\/index.php?rest_route=\/wp\/v2\/pages\/832\/revisions"}],"predecessor-version":[{"id":836,"href":"https:\/\/aorh.ch\/index.php?rest_route=\/wp\/v2\/pages\/832\/revisions\/836"}],"up":[{"embeddable":true,"href":"https:\/\/aorh.ch\/index.php?rest_route=\/wp\/v2\/pages\/122"}],"wp:attachment":[{"href":"https:\/\/aorh.ch\/index.php?rest_route=%2Fwp%2Fv2%2Fmedia&parent=832"}],"curies":[{"name":"wp","href":"https:\/\/api.w.org\/{rel}","templated":true}]}}