{"id":848,"date":"2015-04-22T20:20:01","date_gmt":"2015-04-22T18:20:01","guid":{"rendered":"http:\/\/aor.bplaced.net\/wp\/?page_id=848"},"modified":"2015-08-21T22:33:04","modified_gmt":"2015-08-21T20:33:04","slug":"rueckblick-jahreskonzert-2006","status":"publish","type":"page","link":"https:\/\/aorh.ch\/?page_id=848","title":{"rendered":"R\u00fcckblick Jahreskonzert 2006"},"content":{"rendered":"<p>Montag, 27. November 2006<\/p>\n<p>L\u00fcpfig, klassisch und modern<\/p>\n<p>Akkordeon-Orchester bot einen Musiknachmittag voll \u00fcbersch\u00e4umender Fr\u00f6hlichkeit<\/p>\n<p>Rorschach. Vor einem voll besetzten Saal warteten gestern Sonntag das Akkordeon-Orchester und seine Formationen im Stadthof mit einem Konzert voller \u00dcberraschungen auf.<\/p>\n<p>Peter Beerli<\/p>\n<p>Dirigent Ruedi Wachter, der s\u00e4mtliche einheimischen Akkordeon-Ensembles leitet, hatte wiederum ein vielseitiges Programm einstudiert, in welchem die verschiedenen Bereiche der Akkordeonmusik gleichermassen zur Geltung kamen.<\/p>\n<p>Mit erfolgreichem B\u00f6deler<\/p>\n<p>Da ging es einerseits mit den Schwyzer\u00f6rgelifr\u00fcnde und mit Erwin Sch\u00e4lin, dem erfolgreichen Teilnehmer am Toggenburger B\u00f6deler-Wettbewerb, welcher sich Sonja Z\u00fcrcher als T\u00e4nzerin gew\u00e4hlt hatte, l\u00fcpfig zu und her. Da wurde vom Akkordeon-Orchester mit Peter Tschaikowskys \u00ab<a href=\"https:\/\/aorh.ch\/wp-content\/uploads\/2013\/11\/schwanensee.mp4\">Schwanensee<\/a>\u00bb Ballettmusik gespielt, zu welchem Chantal Wolfer, Stefan Grab und Sergio Zulian eine heitere Tanzeinlage einstudiert hatten, und am Schluss des zweist\u00fcndigen Konzertes wurde nach \u00abY. M. C. A.\u00bb als Zugabe moderne Rockmusik dargeboten.<\/p>\n<p>Das Jugendensemble, die Zukunft des Akkordeon-Orchesters , spielte zum Eingang sehr sorgf\u00e4ltig ein Akkordeon-Medley und liess diesem ebenso gekonnt den Polo-Hofer-Hit \u00abAlperose\u00bb folgen. Die erfreulich grosse Formation der Schwyzer\u00f6rgelifr\u00fcnde, welche mit einem Schottisch begannen, traten in heimatlichen \u00abChuttelis\u00bb auf und setzten sich dann zum \u00abTr\u00e4umli\u00bb der Boss-Buebe Zipfelm\u00fctzen und Nachtkappen auf. Einige von Erwin Sch\u00e4lin inspirierte junge Burschen schlugen mit Holzl\u00f6ffeln und Flaschen den Takt.<\/p>\n<p>Halb Inner-, halb Ostschweiz<\/p>\n<p>\u00abNarCHtig-urCHig\u00bb \u2013 \u00abnarchtig\u00bb ist ein Muotathaler Ausdruck f\u00fcr \u00fcberm\u00fctig \u2013 nannte sich das aus Inner- und Ostschweizer Musikern zusammengesetzte Ensemble mit drei Schwyzer\u00f6rgeli und einer Bassgeige. In dieser Gruppe spielt auch Jacqueline Wachter, welche die l\u00fcpfige Melodie \u00abS&#8217;h\u00e4t gfunket\u00bb geschrieben hat. Sie wurde von der erstmals in Rorschach auftretenden Gastformation neben andern Weisen dargeboten und vom Publikum mit grossem Applaus verdankt.<\/p>\n<p>Wundersch\u00f6n zart begann nach der Pause der Auftritt des Akkordeon-Orchesters, das auch ausw\u00e4rts immer wieder mit Erfolg auftritt. Heftige Takte und dr\u00f6hnende Musik folgten im gleichen St\u00fcck, der Melodie \u00abOrpheus in der Unterwelt\u00bb. Mit \u00abThank you for the music\u00bb erinnerten die Musiker dann an die Gruppe Abba, um schliesslich mit \u00abDreimal Trini Lopez\u00bb auch mit s\u00fcdamerikanischer Musik voll zu \u00fcberzeugen. Durchs Programm f\u00fchrten mit k\u00f6stlichen Ideen Sonja Z\u00fcrcher und Stefan Grab.<\/p>\n<p>Copyright \u00a9 St.Galler Tagblatt<\/p>\n<p><a href=\"https:\/\/aorh.ch\/wp-content\/uploads\/2015\/08\/programmjk2006.pdf\">Programm<\/a><\/p>\n<p style=\"text-align: left;\"><a href=\"https:\/\/aorh.ch\/wp-content\/uploads\/2013\/11\/schwanensee.jpg\"><img loading=\"lazy\" decoding=\"async\" class=\" size-full wp-image-378 alignleft\" src=\"https:\/\/aorh.ch\/wp-content\/uploads\/2013\/11\/schwanensee.jpg\" alt=\"schwanensee\" width=\"189\" height=\"142\" \/><\/a><\/p>\n<p><a href=\"https:\/\/aorh.ch\/wp-content\/uploads\/2013\/11\/schwanensee.mp4\">Videoaufnahme &#8222;Schwanensee&#8220;<\/a><\/p>\n<p>&nbsp;<\/p>\n<p>&nbsp;<\/p>\n<p>&nbsp;<\/p>\n<p><a href=\"https:\/\/aorh.ch\/wp-content\/uploads\/2013\/11\/jug_ens.jpg\"><img loading=\"lazy\" decoding=\"async\" class=\"aligncenter size-full wp-image-319\" src=\"https:\/\/aorh.ch\/wp-content\/uploads\/2013\/11\/jug_ens.jpg\" alt=\"jug_ens\" width=\"640\" height=\"424\" srcset=\"https:\/\/aorh.ch\/wp-content\/uploads\/2013\/11\/jug_ens.jpg 640w, https:\/\/aorh.ch\/wp-content\/uploads\/2013\/11\/jug_ens-300x198.jpg 300w\" sizes=\"auto, (max-width: 640px) 100vw, 640px\" \/><\/a><\/p>\n<p><a href=\"https:\/\/aorh.ch\/wp-content\/uploads\/2013\/11\/schwyzeroergeli2.jpg\"><img loading=\"lazy\" decoding=\"async\" class=\"aligncenter size-full wp-image-380\" src=\"https:\/\/aorh.ch\/wp-content\/uploads\/2013\/11\/schwyzeroergeli2.jpg\" alt=\"schwyzeroergeli2\" width=\"640\" height=\"391\" srcset=\"https:\/\/aorh.ch\/wp-content\/uploads\/2013\/11\/schwyzeroergeli2.jpg 640w, https:\/\/aorh.ch\/wp-content\/uploads\/2013\/11\/schwyzeroergeli2-300x183.jpg 300w\" sizes=\"auto, (max-width: 640px) 100vw, 640px\" \/><\/a><\/p>\n<p><a href=\"https:\/\/aorh.ch\/wp-content\/uploads\/2013\/11\/schwyzeroergeli3.jpg\"><img loading=\"lazy\" decoding=\"async\" class=\"aligncenter size-full wp-image-381\" src=\"https:\/\/aorh.ch\/wp-content\/uploads\/2013\/11\/schwyzeroergeli3.jpg\" alt=\"schwyzeroergeli3\" width=\"640\" height=\"334\" srcset=\"https:\/\/aorh.ch\/wp-content\/uploads\/2013\/11\/schwyzeroergeli3.jpg 640w, https:\/\/aorh.ch\/wp-content\/uploads\/2013\/11\/schwyzeroergeli3-300x156.jpg 300w\" sizes=\"auto, (max-width: 640px) 100vw, 640px\" \/><\/a><\/p>\n<p><a href=\"https:\/\/aorh.ch\/wp-content\/uploads\/2013\/11\/narchtig.jpg\"><img loading=\"lazy\" decoding=\"async\" class=\"aligncenter size-full wp-image-349\" src=\"https:\/\/aorh.ch\/wp-content\/uploads\/2013\/11\/narchtig.jpg\" alt=\"narchtig\" width=\"640\" height=\"480\" srcset=\"https:\/\/aorh.ch\/wp-content\/uploads\/2013\/11\/narchtig.jpg 640w, https:\/\/aorh.ch\/wp-content\/uploads\/2013\/11\/narchtig-300x225.jpg 300w\" sizes=\"auto, (max-width: 640px) 100vw, 640px\" \/><\/a><\/p>\n<p><a href=\"https:\/\/aorh.ch\/wp-content\/uploads\/2013\/11\/aor2.jpg\"><img loading=\"lazy\" decoding=\"async\" class=\"aligncenter size-full wp-image-177\" src=\"https:\/\/aorh.ch\/wp-content\/uploads\/2013\/11\/aor2.jpg\" alt=\"aor2\" width=\"640\" height=\"411\" srcset=\"https:\/\/aorh.ch\/wp-content\/uploads\/2013\/11\/aor2.jpg 640w, https:\/\/aorh.ch\/wp-content\/uploads\/2013\/11\/aor2-300x192.jpg 300w\" sizes=\"auto, (max-width: 640px) 100vw, 640px\" \/><\/a><\/p>\n<p><a href=\"https:\/\/aorh.ch\/wp-content\/uploads\/2013\/11\/aor3.jpg\"><img loading=\"lazy\" decoding=\"async\" class=\"aligncenter size-full wp-image-178\" src=\"https:\/\/aorh.ch\/wp-content\/uploads\/2013\/11\/aor3.jpg\" alt=\"aor3\" width=\"640\" height=\"480\" srcset=\"https:\/\/aorh.ch\/wp-content\/uploads\/2013\/11\/aor3.jpg 640w, https:\/\/aorh.ch\/wp-content\/uploads\/2013\/11\/aor3-300x225.jpg 300w\" sizes=\"auto, (max-width: 640px) 100vw, 640px\" \/><\/a><\/p>\n<p><a href=\"https:\/\/aorh.ch\/wp-content\/uploads\/2013\/11\/aor.jpg\"><img loading=\"lazy\" decoding=\"async\" class=\"aligncenter size-full wp-image-176\" src=\"https:\/\/aorh.ch\/wp-content\/uploads\/2013\/11\/aor.jpg\" alt=\"aor\" width=\"640\" height=\"583\" srcset=\"https:\/\/aorh.ch\/wp-content\/uploads\/2013\/11\/aor.jpg 640w, https:\/\/aorh.ch\/wp-content\/uploads\/2013\/11\/aor-300x273.jpg 300w\" sizes=\"auto, (max-width: 640px) 100vw, 640px\" \/><\/a><\/p>\n","protected":false},"excerpt":{"rendered":"<p>Montag, 27. November 2006 L\u00fcpfig, klassisch und modern Akkordeon-Orchester bot einen Musiknachmittag voll \u00fcbersch\u00e4umender Fr\u00f6hlichkeit Rorschach. Vor einem voll besetzten Saal warteten gestern Sonntag das Akkordeon-Orchester und seine Formationen im Stadthof mit einem Konzert voller \u00dcberraschungen auf. Peter Beerli Dirigent Ruedi Wachter, der s\u00e4mtliche einheimischen Akkordeon-Ensembles leitet, hatte wiederum ein vielseitiges Programm einstudiert, in welchem&hellip; <a class=\"more-link\" href=\"https:\/\/aorh.ch\/?page_id=848\"><span class=\"screen-reader-text\">R\u00fcckblick Jahreskonzert 2006<\/span> weiterlesen<\/a><\/p>\n","protected":false},"author":1,"featured_media":0,"parent":122,"menu_order":15,"comment_status":"closed","ping_status":"closed","template":"","meta":{"footnotes":""},"class_list":["post-848","page","type-page","status-publish","hentry","entry"],"_links":{"self":[{"href":"https:\/\/aorh.ch\/index.php?rest_route=\/wp\/v2\/pages\/848","targetHints":{"allow":["GET"]}}],"collection":[{"href":"https:\/\/aorh.ch\/index.php?rest_route=\/wp\/v2\/pages"}],"about":[{"href":"https:\/\/aorh.ch\/index.php?rest_route=\/wp\/v2\/types\/page"}],"author":[{"embeddable":true,"href":"https:\/\/aorh.ch\/index.php?rest_route=\/wp\/v2\/users\/1"}],"replies":[{"embeddable":true,"href":"https:\/\/aorh.ch\/index.php?rest_route=%2Fwp%2Fv2%2Fcomments&post=848"}],"version-history":[{"count":5,"href":"https:\/\/aorh.ch\/index.php?rest_route=\/wp\/v2\/pages\/848\/revisions"}],"predecessor-version":[{"id":974,"href":"https:\/\/aorh.ch\/index.php?rest_route=\/wp\/v2\/pages\/848\/revisions\/974"}],"up":[{"embeddable":true,"href":"https:\/\/aorh.ch\/index.php?rest_route=\/wp\/v2\/pages\/122"}],"wp:attachment":[{"href":"https:\/\/aorh.ch\/index.php?rest_route=%2Fwp%2Fv2%2Fmedia&parent=848"}],"curies":[{"name":"wp","href":"https:\/\/api.w.org\/{rel}","templated":true}]}}

Rückblick Jahreskonzert 2006

<p>Montag, 27. November 2006</p>
<p>Lüpfig, klassisch und modern</p>
<p>Akkordeon-Orchester bot einen Musiknachmittag voll überschäumender Fröhlichkeit</p>
<p>Rorschach. Vor einem voll besetzten Saal warteten gestern Sonntag das Akkordeon-Orchester und seine Formationen im Stadthof mit einem Konzert voller Überraschungen auf.</p>
<p>Peter Beerli</p>
<p>Dirigent Ruedi Wachter, der sämtliche einheimischen Akkordeon-Ensembles leitet, hatte wiederum ein vielseitiges Programm einstudiert, in welchem die verschiedenen Bereiche der Akkordeonmusik gleichermassen zur Geltung kamen.</p>
<p>Mit erfolgreichem Bödeler</p>
<p>Da ging es einerseits mit den Schwyzerörgelifründe und mit Erwin Schälin, dem erfolgreichen Teilnehmer am Toggenburger Bödeler-Wettbewerb, welcher sich Sonja Zürcher als Tänzerin gewählt hatte, lüpfig zu und her. Da wurde vom Akkordeon-Orchester mit Peter Tschaikowskys «<a href="https://aorh.ch/wp-content/uploads/2013/11/schwanensee.mp4">Schwanensee</a>» Ballettmusik gespielt, zu welchem Chantal Wolfer, Stefan Grab und Sergio Zulian eine heitere Tanzeinlage einstudiert hatten, und am Schluss des zweistündigen Konzertes wurde nach «Y. M. C. A.» als Zugabe moderne Rockmusik dargeboten.</p>
<p>Das Jugendensemble, die Zukunft des Akkordeon-Orchesters , spielte zum Eingang sehr sorgfältig ein Akkordeon-Medley und liess diesem ebenso gekonnt den Polo-Hofer-Hit «Alperose» folgen. Die erfreulich grosse Formation der Schwyzerörgelifründe, welche mit einem Schottisch begannen, traten in heimatlichen «Chuttelis» auf und setzten sich dann zum «Träumli» der Boss-Buebe Zipfelmützen und Nachtkappen auf. Einige von Erwin Schälin inspirierte junge Burschen schlugen mit Holzlöffeln und Flaschen den Takt.</p>
<p>Halb Inner-, halb Ostschweiz</p>
<p>«NarCHtig-urCHig» – «narchtig» ist ein Muotathaler Ausdruck für übermütig – nannte sich das aus Inner- und Ostschweizer Musikern zusammengesetzte Ensemble mit drei Schwyzerörgeli und einer Bassgeige. In dieser Gruppe spielt auch Jacqueline Wachter, welche die lüpfige Melodie «S&#8217;hät gfunket» geschrieben hat. Sie wurde von der erstmals in Rorschach auftretenden Gastformation neben andern Weisen dargeboten und vom Publikum mit grossem Applaus verdankt.</p>
<p>Wunderschön zart begann nach der Pause der Auftritt des Akkordeon-Orchesters, das auch auswärts immer wieder mit Erfolg auftritt. Heftige Takte und dröhnende Musik folgten im gleichen Stück, der Melodie «Orpheus in der Unterwelt». Mit «Thank you for the music» erinnerten die Musiker dann an die Gruppe Abba, um schliesslich mit «Dreimal Trini Lopez» auch mit südamerikanischer Musik voll zu überzeugen. Durchs Programm führten mit köstlichen Ideen Sonja Zürcher und Stefan Grab.</p>
<p>Copyright © St.Galler Tagblatt</p>
<p><a href="https://aorh.ch/wp-content/uploads/2015/08/programmjk2006.pdf">Programm</a></p>
<p style="text-align: left;"><a href="https://aorh.ch/wp-content/uploads/2013/11/schwanensee.jpg"><img loading="lazy" decoding="async" class=" size-full wp-image-378 alignleft" src="https://aorh.ch/wp-content/uploads/2013/11/schwanensee.jpg" alt="schwanensee" width="189" height="142" /></a></p>
<p><a href="https://aorh.ch/wp-content/uploads/2013/11/schwanensee.mp4">Videoaufnahme &#8222;Schwanensee&#8220;</a></p>
<p>&nbsp;</p>
<p>&nbsp;</p>
<p>&nbsp;</p>
<p><a href="https://aorh.ch/wp-content/uploads/2013/11/jug_ens.jpg"><img loading="lazy" decoding="async" class="aligncenter size-full wp-image-319" src="https://aorh.ch/wp-content/uploads/2013/11/jug_ens.jpg" alt="jug_ens" width="640" height="424" srcset="https://aorh.ch/wp-content/uploads/2013/11/jug_ens.jpg 640w, https://aorh.ch/wp-content/uploads/2013/11/jug_ens-300x198.jpg 300w" sizes="auto, (max-width: 640px) 100vw, 640px" /></a></p>
<p><a href="https://aorh.ch/wp-content/uploads/2013/11/schwyzeroergeli2.jpg"><img loading="lazy" decoding="async" class="aligncenter size-full wp-image-380" src="https://aorh.ch/wp-content/uploads/2013/11/schwyzeroergeli2.jpg" alt="schwyzeroergeli2" width="640" height="391" srcset="https://aorh.ch/wp-content/uploads/2013/11/schwyzeroergeli2.jpg 640w, https://aorh.ch/wp-content/uploads/2013/11/schwyzeroergeli2-300x183.jpg 300w" sizes="auto, (max-width: 640px) 100vw, 640px" /></a></p>
<p><a href="https://aorh.ch/wp-content/uploads/2013/11/schwyzeroergeli3.jpg"><img loading="lazy" decoding="async" class="aligncenter size-full wp-image-381" src="https://aorh.ch/wp-content/uploads/2013/11/schwyzeroergeli3.jpg" alt="schwyzeroergeli3" width="640" height="334" srcset="https://aorh.ch/wp-content/uploads/2013/11/schwyzeroergeli3.jpg 640w, https://aorh.ch/wp-content/uploads/2013/11/schwyzeroergeli3-300x156.jpg 300w" sizes="auto, (max-width: 640px) 100vw, 640px" /></a></p>
<p><a href="https://aorh.ch/wp-content/uploads/2013/11/narchtig.jpg"><img loading="lazy" decoding="async" class="aligncenter size-full wp-image-349" src="https://aorh.ch/wp-content/uploads/2013/11/narchtig.jpg" alt="narchtig" width="640" height="480" srcset="https://aorh.ch/wp-content/uploads/2013/11/narchtig.jpg 640w, https://aorh.ch/wp-content/uploads/2013/11/narchtig-300x225.jpg 300w" sizes="auto, (max-width: 640px) 100vw, 640px" /></a></p>
<p><a href="https://aorh.ch/wp-content/uploads/2013/11/aor2.jpg"><img loading="lazy" decoding="async" class="aligncenter size-full wp-image-177" src="https://aorh.ch/wp-content/uploads/2013/11/aor2.jpg" alt="aor2" width="640" height="411" srcset="https://aorh.ch/wp-content/uploads/2013/11/aor2.jpg 640w, https://aorh.ch/wp-content/uploads/2013/11/aor2-300x192.jpg 300w" sizes="auto, (max-width: 640px) 100vw, 640px" /></a></p>
<p><a href="https://aorh.ch/wp-content/uploads/2013/11/aor3.jpg"><img loading="lazy" decoding="async" class="aligncenter size-full wp-image-178" src="https://aorh.ch/wp-content/uploads/2013/11/aor3.jpg" alt="aor3" width="640" height="480" srcset="https://aorh.ch/wp-content/uploads/2013/11/aor3.jpg 640w, https://aorh.ch/wp-content/uploads/2013/11/aor3-300x225.jpg 300w" sizes="auto, (max-width: 640px) 100vw, 640px" /></a></p>
<p><a href="https://aorh.ch/wp-content/uploads/2013/11/aor.jpg"><img loading="lazy" decoding="async" class="aligncenter size-full wp-image-176" src="https://aorh.ch/wp-content/uploads/2013/11/aor.jpg" alt="aor" width="640" height="583" srcset="https://aorh.ch/wp-content/uploads/2013/11/aor.jpg 640w, https://aorh.ch/wp-content/uploads/2013/11/aor-300x273.jpg 300w" sizes="auto, (max-width: 640px) 100vw, 640px" /></a></p>

<p>Montag, 27. November 2006 Lüpfig, klassisch und modern Akkordeon-Orchester bot einen Musiknachmittag voll überschäumender Fröhlichkeit Rorschach. Vor einem voll besetzten Saal warteten gestern Sonntag das Akkordeon-Orchester und seine Formationen im Stadthof mit einem Konzert voller Überraschungen auf. Peter Beerli Dirigent Ruedi Wachter, der sämtliche einheimischen Akkordeon-Ensembles leitet, hatte wiederum ein vielseitiges Programm einstudiert, in welchem&hellip; <a class="more-link" href="https://aorh.ch/?page_id=848"><span class="screen-reader-text">Rückblick Jahreskonzert 2006</span> weiterlesen</a></p>
