{"id":865,"date":"2015-04-22T20:56:42","date_gmt":"2015-04-22T18:56:42","guid":{"rendered":"http:\/\/aor.bplaced.net\/wp\/?page_id=865"},"modified":"2015-08-21T22:31:44","modified_gmt":"2015-08-21T20:31:44","slug":"rueckblick-jahreskonzert-2005","status":"publish","type":"page","link":"https:\/\/aorh.ch\/?page_id=865","title":{"rendered":"R\u00fcckblick Jahreskonzert 2005"},"content":{"rendered":"<p>Dienstag, 29. November 2005<br \/>\nEinmal in italienischem Stil<\/p>\n<p>Jahreskonzert des Akkordeon-Orchesters vermochte den Stadthofsaal zu f\u00fcllen<\/p>\n<p>Rorschach. Auf den ersten Adventssonntag hatte das Akkordeon-Orchester zum Jahreskonzert eingeladen. Der Nachmittag in italienischem Stil war mit musikalischen Leckerbissen gef\u00fcllt.<\/p>\n<p>Peter Beerli<\/p>\n<p>Ruedi Wachter, der die Gesamtleitung des umfassenden Konzertes innehatte, und seine Frau Heidi hatten sich ein abwechslungsreiches Programm voller \u00dcberraschungen einfallen lassen, in welches sechs musikalische Gruppen und ein Solist eingebaut waren.<\/p>\n<p>Beginn mit Verdi<\/p>\n<p>So versuchten es die Akkordeon Kids gleich zu Beginn mit Giuseppe Verdi. Die M\u00e4dchen und Buben, welche seit einem oder zwei Jahren das Akkordeon spielen, liessen erfolgreich ein Thema aus \u00abLa Traviata\u00bb erklingen. Von den S\u00e4ngern Sergio Zulian und Stefan Grab begleitet, gaben die J\u00fcngsten auch \u00abZwei kleine Italiener\u00bb zum Besten.<\/p>\n<p>G\u00e4ste wirkten mit<\/p>\n<p>Verdi bekam sp\u00e4ter nochmals die Ehre, als sich die Corale Santa Cecilia unter der Leitung von Claudio Ambrosi ins Konzert einmixte und nach \u00abLa Montanara\u00bb auf wundersch\u00f6ne Weise aus dem \u00abNabucco\u00bb sang. Auch Niklaus Looser mit seiner Mandoline geh\u00f6rte zu den G\u00e4sten dieses Konzertes. Er wurde vom Jugend Akkordeon-Ensemble begleitet, als zwei Canzonetten und stimmungsvolle Lieder erklangen. Hier nannte die durchs Programm f\u00fchrende Sonja Z\u00fcrcher Marco Auelmann als erfolgreichen Preistr\u00e4ger, bei den \u00e4ltern Akkordeonisten kamen Jenny und Donat Piras dazu.<\/p>\n<p>Gr\u00fcn-Weiss-Rot<\/p>\n<p>So waren die Schwyzer\u00f6rgeli-Fr\u00fcnde gekleidet, welche, von rhythmischem Holzschuhgeklapper begleitet, musikalisch \u00fcber den Stierenmarkt in Thusis und eine Bergh\u00fctte berichteten, um dann in den italienischen Stil einzum\u00fcnden. Im zweiten Teil des Konzertes bewies das grosse Akkordeon-Orchester mit einer Reihe sehr hoch stehender Kompositionen, dass Akkordeonkl\u00e4nge von der Oper bis zum Pop reichen k\u00f6nnen. Alles war m\u00e4uschenstill im Saal, als das Akkordeon-Ensemble Rossinis \u00abDer Barbier von Sevilla\u00bb auf geradezu bet\u00f6rende Weise wiedergab.<\/p>\n<p>Copyright \u00a9 St.Galler Tagblatt<\/p>\n<p><a href=\"https:\/\/aorh.ch\/wp-content\/uploads\/2015\/08\/programmjk2005.pdf\">Programm<\/a><\/p>\n<p><a href=\"https:\/\/aorh.ch\/wp-content\/uploads\/2013\/11\/tombola.jpg\"><img loading=\"lazy\" decoding=\"async\" class=\"aligncenter size-full wp-image-389\" src=\"https:\/\/aorh.ch\/wp-content\/uploads\/2013\/11\/tombola.jpg\" alt=\"tombola\" width=\"800\" height=\"272\" srcset=\"https:\/\/aorh.ch\/wp-content\/uploads\/2013\/11\/tombola.jpg 800w, https:\/\/aorh.ch\/wp-content\/uploads\/2013\/11\/tombola-300x102.jpg 300w\" sizes=\"auto, (max-width: 800px) 100vw, 800px\" \/><\/a><\/p>\n","protected":false},"excerpt":{"rendered":"<p>Dienstag, 29. November 2005 Einmal in italienischem Stil Jahreskonzert des Akkordeon-Orchesters vermochte den Stadthofsaal zu f\u00fcllen Rorschach. Auf den ersten Adventssonntag hatte das Akkordeon-Orchester zum Jahreskonzert eingeladen. Der Nachmittag in italienischem Stil war mit musikalischen Leckerbissen gef\u00fcllt. Peter Beerli Ruedi Wachter, der die Gesamtleitung des umfassenden Konzertes innehatte, und seine Frau Heidi hatten sich ein&hellip; <a class=\"more-link\" href=\"https:\/\/aorh.ch\/?page_id=865\"><span class=\"screen-reader-text\">R\u00fcckblick Jahreskonzert 2005<\/span> weiterlesen<\/a><\/p>\n","protected":false},"author":1,"featured_media":0,"parent":122,"menu_order":18,"comment_status":"closed","ping_status":"closed","template":"","meta":{"footnotes":""},"class_list":["post-865","page","type-page","status-publish","hentry","entry"],"_links":{"self":[{"href":"https:\/\/aorh.ch\/index.php?rest_route=\/wp\/v2\/pages\/865","targetHints":{"allow":["GET"]}}],"collection":[{"href":"https:\/\/aorh.ch\/index.php?rest_route=\/wp\/v2\/pages"}],"about":[{"href":"https:\/\/aorh.ch\/index.php?rest_route=\/wp\/v2\/types\/page"}],"author":[{"embeddable":true,"href":"https:\/\/aorh.ch\/index.php?rest_route=\/wp\/v2\/users\/1"}],"replies":[{"embeddable":true,"href":"https:\/\/aorh.ch\/index.php?rest_route=%2Fwp%2Fv2%2Fcomments&post=865"}],"version-history":[{"count":5,"href":"https:\/\/aorh.ch\/index.php?rest_route=\/wp\/v2\/pages\/865\/revisions"}],"predecessor-version":[{"id":972,"href":"https:\/\/aorh.ch\/index.php?rest_route=\/wp\/v2\/pages\/865\/revisions\/972"}],"up":[{"embeddable":true,"href":"https:\/\/aorh.ch\/index.php?rest_route=\/wp\/v2\/pages\/122"}],"wp:attachment":[{"href":"https:\/\/aorh.ch\/index.php?rest_route=%2Fwp%2Fv2%2Fmedia&parent=865"}],"curies":[{"name":"wp","href":"https:\/\/api.w.org\/{rel}","templated":true}]}}

Rückblick Jahreskonzert 2005

<p>Dienstag, 29. November 2005<br />
Einmal in italienischem Stil</p>
<p>Jahreskonzert des Akkordeon-Orchesters vermochte den Stadthofsaal zu füllen</p>
<p>Rorschach. Auf den ersten Adventssonntag hatte das Akkordeon-Orchester zum Jahreskonzert eingeladen. Der Nachmittag in italienischem Stil war mit musikalischen Leckerbissen gefüllt.</p>
<p>Peter Beerli</p>
<p>Ruedi Wachter, der die Gesamtleitung des umfassenden Konzertes innehatte, und seine Frau Heidi hatten sich ein abwechslungsreiches Programm voller Überraschungen einfallen lassen, in welches sechs musikalische Gruppen und ein Solist eingebaut waren.</p>
<p>Beginn mit Verdi</p>
<p>So versuchten es die Akkordeon Kids gleich zu Beginn mit Giuseppe Verdi. Die Mädchen und Buben, welche seit einem oder zwei Jahren das Akkordeon spielen, liessen erfolgreich ein Thema aus «La Traviata» erklingen. Von den Sängern Sergio Zulian und Stefan Grab begleitet, gaben die Jüngsten auch «Zwei kleine Italiener» zum Besten.</p>
<p>Gäste wirkten mit</p>
<p>Verdi bekam später nochmals die Ehre, als sich die Corale Santa Cecilia unter der Leitung von Claudio Ambrosi ins Konzert einmixte und nach «La Montanara» auf wunderschöne Weise aus dem «Nabucco» sang. Auch Niklaus Looser mit seiner Mandoline gehörte zu den Gästen dieses Konzertes. Er wurde vom Jugend Akkordeon-Ensemble begleitet, als zwei Canzonetten und stimmungsvolle Lieder erklangen. Hier nannte die durchs Programm führende Sonja Zürcher Marco Auelmann als erfolgreichen Preisträger, bei den ältern Akkordeonisten kamen Jenny und Donat Piras dazu.</p>
<p>Grün-Weiss-Rot</p>
<p>So waren die Schwyzerörgeli-Fründe gekleidet, welche, von rhythmischem Holzschuhgeklapper begleitet, musikalisch über den Stierenmarkt in Thusis und eine Berghütte berichteten, um dann in den italienischen Stil einzumünden. Im zweiten Teil des Konzertes bewies das grosse Akkordeon-Orchester mit einer Reihe sehr hoch stehender Kompositionen, dass Akkordeonklänge von der Oper bis zum Pop reichen können. Alles war mäuschenstill im Saal, als das Akkordeon-Ensemble Rossinis «Der Barbier von Sevilla» auf geradezu betörende Weise wiedergab.</p>
<p>Copyright © St.Galler Tagblatt</p>
<p><a href="https://aorh.ch/wp-content/uploads/2015/08/programmjk2005.pdf">Programm</a></p>
<p><a href="https://aorh.ch/wp-content/uploads/2013/11/tombola.jpg"><img loading="lazy" decoding="async" class="aligncenter size-full wp-image-389" src="https://aorh.ch/wp-content/uploads/2013/11/tombola.jpg" alt="tombola" width="800" height="272" srcset="https://aorh.ch/wp-content/uploads/2013/11/tombola.jpg 800w, https://aorh.ch/wp-content/uploads/2013/11/tombola-300x102.jpg 300w" sizes="auto, (max-width: 800px) 100vw, 800px" /></a></p>

<p>Dienstag, 29. November 2005 Einmal in italienischem Stil Jahreskonzert des Akkordeon-Orchesters vermochte den Stadthofsaal zu füllen Rorschach. Auf den ersten Adventssonntag hatte das Akkordeon-Orchester zum Jahreskonzert eingeladen. Der Nachmittag in italienischem Stil war mit musikalischen Leckerbissen gefüllt. Peter Beerli Ruedi Wachter, der die Gesamtleitung des umfassenden Konzertes innehatte, und seine Frau Heidi hatten sich ein&hellip; <a class="more-link" href="https://aorh.ch/?page_id=865"><span class="screen-reader-text">Rückblick Jahreskonzert 2005</span> weiterlesen</a></p>
